Last updated on 2023-06-07 22:02:56 CEST.
Flavor | Version | Tinstall | Tcheck | Ttotal | Status | Flags |
---|---|---|---|---|---|---|
r-devel-linux-x86_64-debian-clang | 1.0-3 | 5.10 | 292.30 | 297.40 | OK | |
r-devel-linux-x86_64-debian-gcc | 1.0-3 | 4.77 | 223.04 | 227.81 | OK | |
r-devel-linux-x86_64-fedora-clang | 1.0-3 | 400.05 | NOTE | |||
r-devel-linux-x86_64-fedora-gcc | 1.0-3 | 392.45 | OK | |||
r-devel-windows-x86_64 | 1.0-3 | 13.00 | 519.00 | 532.00 | NOTE | |
r-patched-linux-x86_64 | 1.0-3 | 9.37 | 282.15 | 291.52 | OK | |
r-release-linux-x86_64 | 1.0-3 | 5.07 | 277.72 | 282.79 | OK | |
r-release-macos-arm64 | 1.0-3 | 136.00 | NOTE | |||
r-release-macos-x86_64 | 1.0-3 | 308.00 | NOTE | |||
r-release-windows-x86_64 | 1.0-3 | 7.00 | 495.00 | 502.00 | NOTE | |
r-oldrel-macos-arm64 | 1.0-3 | 109.00 | NOTE | |||
r-oldrel-macos-x86_64 | 1.0-3 | 130.00 | NOTE | |||
r-oldrel-windows-x86_64 | 1.0-3 | 12.00 | 515.00 | 527.00 | NOTE |
Version: 1.0-3
Check: installed package size
Result: NOTE
installed size is 5.1Mb
sub-directories of 1Mb or more:
doc 3.7Mb
Flavors: r-devel-linux-x86_64-fedora-clang, r-devel-windows-x86_64, r-release-macos-arm64, r-release-macos-x86_64, r-release-windows-x86_64, r-oldrel-macos-arm64, r-oldrel-macos-x86_64, r-oldrel-windows-x86_64