CRAN Package Check Results for Package SmartEDA

Last updated on 2023-06-07 22:02:56 CEST.

Flavor Version Tinstall Tcheck Ttotal Status Flags
r-devel-linux-x86_64-debian-clang 0.3.9 10.96 185.67 196.63 NOTE
r-devel-linux-x86_64-debian-gcc 0.3.9 8.86 134.69 143.55 NOTE
r-devel-linux-x86_64-fedora-clang 0.3.9 237.86 NOTE
r-devel-linux-x86_64-fedora-gcc 0.3.9 231.48 NOTE
r-devel-windows-x86_64 0.3.9 10.00 146.00 156.00 NOTE
r-patched-linux-x86_64 0.3.9 8.72 168.99 177.71 NOTE
r-release-linux-x86_64 0.3.9 6.22 169.67 175.89 NOTE
r-release-macos-arm64 0.3.9 80.00 NOTE
r-release-macos-x86_64 0.3.9 124.00 NOTE
r-release-windows-x86_64 0.3.9 13.00 178.00 191.00 OK
r-oldrel-macos-arm64 0.3.9 78.00 NOTE
r-oldrel-macos-x86_64 0.3.9 101.00 NOTE
r-oldrel-windows-x86_64 0.3.9 15.00 185.00 200.00 OK

Check Details

Version: 0.3.9
Check: Rd cross-references
Result: NOTE
    Unknown package ‘InformationValue’ in Rd xrefs
Flavors: r-devel-linux-x86_64-debian-clang, r-devel-linux-x86_64-debian-gcc, r-devel-linux-x86_64-fedora-gcc, r-devel-windows-x86_64, r-patched-linux-x86_64, r-release-linux-x86_64, r-release-macos-arm64, r-release-macos-x86_64

Version: 0.3.9
Check: dependencies in R code
Result: NOTE
    Namespace in Imports field not imported from: ‘qpdf’
     All declared Imports should be used.
Flavors: r-devel-linux-x86_64-fedora-clang, r-devel-linux-x86_64-fedora-gcc, r-oldrel-macos-arm64, r-oldrel-macos-x86_64

Version: 0.3.9
Check: Rd cross-references
Result: NOTE
    Undeclared packages ‘InformationValue’, ‘ggthemes’, ‘DataExplorer’ in Rd xrefs
    Unknown package ‘InformationValue’ in Rd xrefs
Flavor: r-devel-linux-x86_64-fedora-clang