CRAN Package Check Results for Package SmartEDA

Last updated on 2019-11-18 22:47:24 CET.

Flavor Version Tinstall Tcheck Ttotal Status Flags
r-devel-linux-x86_64-debian-clang 0.3.2 6.71 97.49 104.20 OK
r-devel-linux-x86_64-debian-gcc 0.3.2 5.71 80.78 86.49 OK
r-devel-linux-x86_64-fedora-clang 0.3.2 112.35 NOTE
r-devel-linux-x86_64-fedora-gcc 0.3.2 114.18 NOTE
r-devel-windows-ix86+x86_64 0.3.2 29.00 146.00 175.00 OK
r-patched-linux-x86_64 0.3.2 5.73 95.14 100.87 OK
r-patched-solaris-x86 0.3.2 119.30 WARN
r-release-linux-x86_64 0.3.2 6.65 93.07 99.72 OK
r-release-windows-ix86+x86_64 0.3.2 16.00 95.00 111.00 OK
r-release-osx-x86_64 0.3.2 WARN
r-oldrel-windows-ix86+x86_64 0.3.2 7.00 94.00 101.00 WARN
r-oldrel-osx-x86_64 0.3.2 WARN

Check Details

Version: 0.3.2
Check: dependencies in R code
Result: NOTE
    Namespace in Imports field not imported from: ‘ISLR’
     All declared Imports should be used.
Flavors: r-devel-linux-x86_64-fedora-clang, r-devel-linux-x86_64-fedora-gcc, r-patched-solaris-x86, r-release-osx-x86_64, r-oldrel-osx-x86_64

Version: 0.3.2
Check: re-building of vignette outputs
Result: WARN
    Error(s) in re-building vignettes:
     ...
    --- re-building ‘CustomTable.Rmd’ using rmarkdown
    Warning in engine$weave(file, quiet = quiet, encoding = enc) :
     Pandoc (>= 1.12.3) and/or pandoc-citeproc not available. Falling back to R Markdown v1.
    --- finished re-building ‘CustomTable.Rmd’
    
    --- re-building ‘SmartEDA.Rmd’ using rmarkdown
    Warning in engine$weave(file, quiet = quiet, encoding = enc) :
     Pandoc (>= 1.12.3) and/or pandoc-citeproc not available. Falling back to R Markdown v1.
    Quitting from lines 132-133 (SmartEDA.Rmd)
    Error: processing vignette 'SmartEDA.Rmd' failed with diagnostics:
    unused argument (options = options)
    --- failed re-building ‘SmartEDA.Rmd’
    
    SUMMARY: processing the following file failed:
     ‘SmartEDA.Rmd’
    
    Error: Vignette re-building failed.
    Execution halted
Flavors: r-patched-solaris-x86, r-release-osx-x86_64

Version: 0.3.2
Check: whether package can be installed
Result: WARN
    Found the following significant warnings:
     Warning: S3 methods '[.fun_list', '[.grouped_df', 'all.equal.tbl_df', 'anti_join.data.frame', 'anti_join.tbl_df', 'arrange.data.frame', 'arrange.default', 'arrange.grouped_df', 'arrange.tbl_df', 'arrange_.data.frame', 'arrange_.tbl_df', 'as.data.frame.grouped_df', 'as.data.frame.rowwise_df', 'as.data.frame.tbl_cube', 'as.table.tbl_cube', 'as.tbl.data.frame', 'as.tbl.tbl', 'as.tbl_cube.array', 'as.tbl_cube.data.frame', 'as.tbl_cube.matrix', 'as.tbl_cube.table', 'as_tibble.grouped_df', 'as_tibble.tbl_cube', 'auto_copy.tbl_cube', 'auto_copy.tbl_df', 'cbind.grouped_df', 'collapse.data.frame', 'collect.data.frame', 'common_by.NULL', 'common_by.character', 'common_by.default', 'common_by.list', 'compute.data.frame', 'copy_to.DBIConnection', 'copy_to.src_local', 'default_missing.data.frame', 'default_missing.default', 'dim.tbl_cube', 'distinct.data.frame', 'distinct.default', 'distinct.grouped_df', 'distinct.tbl_df', 'distinct_.data.frame', 'distinct_.grouped_df', 'distinct_.tbl_df', 'do.NULL', 'do.da [... truncated]
Flavor: r-oldrel-windows-ix86+x86_64

Version: 0.3.2
Check: re-building of vignette outputs
Result: WARN
    Error in re-building vignettes:
     ...
    Warning in engine$weave(file, quiet = quiet, encoding = enc) :
     Pandoc (>= 1.12.3) and/or pandoc-citeproc not available. Falling back to R Markdown v1.
    Quitting from lines 132-133 (SmartEDA.Rmd)
    Error: processing vignette 'SmartEDA.Rmd' failed with diagnostics:
    unused argument (options = options)
    Execution halted
Flavor: r-oldrel-osx-x86_64