CRAN Package Check Results for Package SmartEDA

Last updated on 2021-04-12 22:51:16 CEST.

Flavor Version Tinstall Tcheck Ttotal Status Flags
r-devel-linux-x86_64-debian-clang 0.3.7 8.09 156.44 164.53 OK
r-devel-linux-x86_64-debian-gcc 0.3.7 7.91 110.50 118.41 OK
r-devel-linux-x86_64-fedora-clang 0.3.7 193.34 NOTE
r-devel-linux-x86_64-fedora-gcc 0.3.7 179.31 NOTE
r-devel-windows-ix86+x86_64 0.3.7 22.00 179.00 201.00 OK
r-devel-windows-x86_64-gcc10-UCRT 0.3.7 NOTE
r-patched-linux-x86_64 0.3.7 6.43 137.98 144.41 OK
r-patched-solaris-x86 0.3.7 243.20 NOTE
r-release-linux-x86_64 0.3.7 5.72 139.40 145.12 OK
r-release-macos-x86_64 0.3.7 NOTE
r-release-windows-ix86+x86_64 0.3.7 15.00 153.00 168.00 OK
r-oldrel-macos-x86_64 0.3.7 NOTE
r-oldrel-windows-ix86+x86_64 0.3.7 17.00 192.00 209.00 OK

Check Details

Version: 0.3.7
Check: dependencies in R code
Result: NOTE
    Namespace in Imports field not imported from: ‘qpdf’
     All declared Imports should be used.
Flavors: r-devel-linux-x86_64-fedora-clang, r-devel-linux-x86_64-fedora-gcc, r-devel-windows-x86_64-gcc10-UCRT, r-patched-solaris-x86, r-release-macos-x86_64, r-oldrel-macos-x86_64

Version: 0.3.7
Check: Rd cross-references
Result: NOTE
    Undeclared packages ‘InformationValue’, ‘ggthemes’ in Rd xrefs
Flavor: r-devel-linux-x86_64-fedora-clang