Last updated on 2023-12-01 21:54:21 CET.
Flavor | Version | Tinstall | Tcheck | Ttotal | Status | Flags |
---|---|---|---|---|---|---|
r-devel-linux-x86_64-debian-clang | 0.1.3 | 59.43 | 284.21 | 343.64 | NOTE | |
r-devel-linux-x86_64-debian-gcc | 0.1.3 | 40.72 | 210.91 | 251.63 | NOTE | |
r-devel-linux-x86_64-fedora-clang | 0.1.3 | 438.26 | NOTE | |||
r-devel-linux-x86_64-fedora-gcc | 0.1.3 | 419.74 | NOTE | |||
r-devel-windows-x86_64 | 0.1.3 | 50.00 | 222.00 | 272.00 | NOTE | |
r-patched-linux-x86_64 | 0.1.3 | 39.22 | 266.56 | 305.78 | NOTE | |
r-release-linux-x86_64 | 0.1.3 | 35.00 | 272.53 | 307.53 | NOTE | |
r-release-macos-arm64 | 0.1.3 | 118.00 | NOTE | |||
r-release-macos-x86_64 | 0.1.3 | 299.00 | NOTE | |||
r-release-windows-x86_64 | 0.1.3 | 61.00 | 279.00 | 340.00 | NOTE | |
r-oldrel-macos-arm64 | 0.1.3 | 104.00 | NOTE | |||
r-oldrel-macos-x86_64 | 0.1.3 | 142.00 | NOTE | |||
r-oldrel-windows-x86_64 | 0.1.3 | 59.00 | 256.00 | 315.00 | NOTE |
Version: 0.1.3
Check: LazyData
Result: NOTE
'LazyData' is specified without a 'data' directory
Flavors: r-devel-linux-x86_64-debian-clang, r-devel-linux-x86_64-debian-gcc, r-devel-linux-x86_64-fedora-clang, r-devel-linux-x86_64-fedora-gcc, r-devel-windows-x86_64, r-patched-linux-x86_64, r-release-linux-x86_64, r-release-macos-arm64, r-release-macos-x86_64, r-release-windows-x86_64, r-oldrel-macos-arm64, r-oldrel-macos-x86_64, r-oldrel-windows-x86_64