CRAN Package Check Results for Package SmarterPoland

Last updated on 2019-08-21 22:48:50 CEST.

Flavor Version Tinstall Tcheck Ttotal Status Flags
r-devel-linux-x86_64-debian-clang 1.7 14.38 46.87 61.25 OK
r-devel-linux-x86_64-debian-gcc 1.7 OK
r-devel-linux-x86_64-fedora-clang 1.7 79.13 NOTE
r-devel-linux-x86_64-fedora-gcc 1.7 75.94 NOTE
r-devel-windows-ix86+x86_64 1.7 32.00 76.00 108.00 NOTE
r-patched-linux-x86_64 1.7 13.28 45.01 58.29 OK
r-patched-solaris-x86 1.7 127.30 NOTE
r-release-linux-x86_64 1.7 13.51 45.35 58.86 OK
r-release-windows-ix86+x86_64 1.7 21.00 60.00 81.00 NOTE
r-release-osx-x86_64 1.7 NOTE
r-oldrel-windows-ix86+x86_64 1.7 27.00 92.00 119.00 NOTE
r-oldrel-osx-x86_64 1.7 NOTE

Check Details

Version: 1.7
Check: installed package size
Result: NOTE
     installed size is 8.2Mb
     sub-directories of 1Mb or more:
     data 8.1Mb
Flavors: r-devel-linux-x86_64-fedora-clang, r-devel-windows-ix86+x86_64, r-patched-solaris-x86, r-release-windows-ix86+x86_64, r-release-osx-x86_64, r-oldrel-windows-ix86+x86_64, r-oldrel-osx-x86_64

Version: 1.7
Check: data for non-ASCII characters
Result: NOTE
     Note: found 1122 marked UTF-8 strings
Flavors: r-devel-linux-x86_64-fedora-clang, r-devel-linux-x86_64-fedora-gcc, r-patched-solaris-x86, r-release-osx-x86_64, r-oldrel-osx-x86_64