Last updated on 2024-04-18 22:53:01 CEST.
Flavor | Version | Tinstall | Tcheck | Ttotal | Status | Flags |
---|---|---|---|---|---|---|
r-devel-linux-x86_64-debian-clang | 6.1.0 | 18.08 | 116.81 | 134.89 | OK | |
r-devel-linux-x86_64-debian-gcc | 6.1.0 | 15.19 | 84.09 | 99.28 | OK | |
r-devel-linux-x86_64-fedora-clang | 6.1.0 | 166.97 | NOTE | |||
r-devel-linux-x86_64-fedora-gcc | 6.1.0 | 173.58 | OK | |||
r-prerel-macos-arm64 | 6.1.0 | 55.00 | OK | |||
r-prerel-macos-x86_64 | 6.1.0 | 151.00 | OK | |||
r-prerel-windows-x86_64 | 6.1.0 | 19.00 | 115.00 | 134.00 | OK | |
r-patched-linux-x86_64 | 6.1.0 | 23.75 | 108.28 | 132.03 | OK | |
r-release-linux-x86_64 | 6.1.0 | 11.83 | 107.81 | 119.64 | OK | |
r-release-macos-arm64 | 6.1.0 | 62.00 | NOTE | |||
r-release-macos-x86_64 | 6.1.0 | 131.00 | NOTE | |||
r-release-windows-x86_64 | 6.1.0 | 24.00 | 139.00 | 163.00 | OK | |
r-oldrel-macos-arm64 | 6.1.0 | 58.00 | NOTE | |||
r-oldrel-windows-x86_64 | 6.1.0 | 24.00 | 145.00 | 169.00 | OK |
Version: 6.1.0
Check: Rd cross-references
Result: NOTE
Undeclared package ‘stringr’ in Rd xrefs
Flavor: r-devel-linux-x86_64-fedora-clang
Version: 6.1.0
Check: installed package size
Result: NOTE
installed size is 5.9Mb
sub-directories of 1Mb or more:
data 3.8Mb
extdata 1.1Mb
Flavors: r-release-macos-arm64, r-release-macos-x86_64, r-oldrel-macos-arm64