Last updated on 2023-12-06 23:12:15 CET.
Flavor | Version | Tinstall | Tcheck | Ttotal | Status | Flags |
---|---|---|---|---|---|---|
r-devel-linux-x86_64-debian-clang | 0.3-0 | 53.49 | 90.22 | 143.71 | NOTE | |
r-devel-linux-x86_64-debian-gcc | 0.3-0 | 41.30 | 66.43 | 107.73 | NOTE | |
r-devel-linux-x86_64-fedora-clang | 0.3-0 | 208.08 | OK | |||
r-devel-linux-x86_64-fedora-gcc | 0.3-0 | 202.87 | OK | |||
r-devel-windows-x86_64 | 0.3-0 | 44.00 | 108.00 | 152.00 | OK | |
r-patched-linux-x86_64 | 0.3-0 | 51.12 | 87.95 | 139.07 | OK | |
r-release-linux-x86_64 | 0.3-0 | 50.21 | 86.91 | 137.12 | OK | |
r-release-macos-arm64 | 0.3-0 | 48.00 | NOTE | |||
r-release-macos-x86_64 | 0.3-0 | 79.00 | NOTE | |||
r-release-windows-x86_64 | 0.3-0 | 59.00 | 127.00 | 186.00 | OK | |
r-oldrel-macos-arm64 | 0.3-0 | 50.00 | NOTE | |||
r-oldrel-macos-x86_64 | 0.3-0 | 74.00 | NOTE | |||
r-oldrel-windows-x86_64 | 0.3-0 | 54.00 | 117.00 | 171.00 | OK |
Version: 0.3-0
Check: Rd files
Result: NOTE
checkRd: (-1) SpaceTimeBSS-package.Rd:23: Lost braces in \itemize; meant \describe ?
Flavors: r-devel-linux-x86_64-debian-clang, r-devel-linux-x86_64-debian-gcc
Version: 0.3-0
Check: installed package size
Result: NOTE
installed size is 5.1Mb
sub-directories of 1Mb or more:
data 2.4Mb
libs 2.6Mb
Flavors: r-release-macos-arm64, r-release-macos-x86_64, r-oldrel-macos-arm64, r-oldrel-macos-x86_64