CRAN Package Check Results for Package SpatialEpi

Last updated on 2022-10-06 22:58:54 CEST.

Flavor Version Tinstall Tcheck Ttotal Status Flags
r-devel-linux-x86_64-debian-clang 1.2.7 45.69 100.16 145.85 NOTE
r-devel-linux-x86_64-debian-gcc 1.2.7 37.00 73.82 110.82 NOTE
r-devel-linux-x86_64-fedora-gcc 1.2.7 194.12 NOTE
r-devel-windows-x86_64 1.2.7 328.00 183.00 511.00 NOTE
r-patched-linux-x86_64 1.2.7 44.18 91.42 135.60 OK
r-release-linux-x86_64 1.2.7 45.38 93.16 138.54 OK
r-release-macos-arm64 1.2.7 123.00 OK
r-release-macos-x86_64 1.2.7 144.00 OK
r-release-windows-x86_64 1.2.7 64.00 174.00 238.00 OK
r-oldrel-macos-arm64 1.2.7 115.00 OK
r-oldrel-macos-x86_64 1.2.7 148.00 OK
r-oldrel-windows-ix86+x86_64 1.2.7 125.00 221.00 346.00 OK

Check Details

Version: 1.2.7
Check: Rd files
Result: NOTE
    checkRd: (-1) grid2latlong.Rd:22: Escaped LaTeX specials: \$
    checkRd: (-1) latlong2grid.Rd:22: Escaped LaTeX specials: \$
Flavors: r-devel-linux-x86_64-debian-clang, r-devel-linux-x86_64-debian-gcc, r-devel-linux-x86_64-fedora-gcc, r-devel-windows-x86_64