CRAN Package Check Results for Package SpatialEpiApp

Last updated on 2019-08-17 22:46:39 CEST.

Flavor Version Tinstall Tcheck Ttotal Status Flags
r-devel-linux-x86_64-debian-clang 0.3 2.42 19.73 22.15 NOTE
r-devel-linux-x86_64-debian-gcc 0.3 2.07 16.13 18.20 NOTE
r-devel-linux-x86_64-fedora-clang 0.3 29.95 NOTE
r-devel-linux-x86_64-fedora-gcc 0.3 27.01 NOTE
r-devel-windows-ix86+x86_64 0.3 12.00 56.00 68.00 OK
r-patched-linux-x86_64 0.3 2.03 20.12 22.15 NOTE
r-patched-solaris-x86 0.3 42.90 NOTE
r-release-linux-x86_64 0.3 1.78 20.15 21.93 NOTE
r-release-windows-ix86+x86_64 0.3 11.00 43.00 54.00 OK
r-release-osx-x86_64 0.3 NOTE
r-oldrel-windows-ix86+x86_64 0.3 12.00 46.00 58.00 OK
r-oldrel-osx-x86_64 0.3 NOTE

Check Details

Version: 0.3
Check: package dependencies
Result: NOTE
    Package suggested but not available for checking: 'INLA'
Flavors: r-devel-linux-x86_64-debian-clang, r-devel-linux-x86_64-debian-gcc, r-patched-linux-x86_64, r-patched-solaris-x86, r-release-linux-x86_64, r-release-osx-x86_64, r-oldrel-osx-x86_64

Version: 0.3
Check: dependencies in R code
Result: NOTE
    Namespaces in Imports field not imported from:
     ‘RColorBrewer’ ‘SpatialEpi’ ‘dplyr’ ‘dygraphs’ ‘ggplot2’
     ‘htmlwidgets’ ‘knitr’ ‘leaflet’ ‘mapproj’ ‘maptools’ ‘rgdal’ ‘rgeos’
     ‘rmarkdown’ ‘shinyjs’ ‘spdep’ ‘xts’
     All declared Imports should be used.
Flavors: r-devel-linux-x86_64-fedora-clang, r-devel-linux-x86_64-fedora-gcc, r-patched-solaris-x86, r-release-osx-x86_64, r-oldrel-osx-x86_64