CRAN Package Check Results for Package SphericalCubature

Last updated on 2019-09-14 22:48:38 CEST.

Flavor Version Tinstall Tcheck Ttotal Status Flags
r-devel-linux-x86_64-debian-clang 1.4 4.53 41.16 45.69 OK
r-devel-linux-x86_64-debian-gcc 1.4 3.85 32.71 36.56 OK
r-devel-linux-x86_64-fedora-clang 1.4 56.66 OK
r-devel-linux-x86_64-fedora-gcc 1.4 52.80 OK
r-devel-windows-ix86+x86_64 1.4 25.00 76.00 101.00 OK
r-patched-linux-x86_64 1.4 4.18 40.65 44.83 OK
r-patched-solaris-x86 1.4 83.30 OK
r-release-linux-x86_64 1.4 4.00 41.12 45.12 OK
r-release-windows-ix86+x86_64 1.4 9.00 55.00 64.00 OK
r-release-osx-x86_64 1.4 WARN
r-oldrel-windows-ix86+x86_64 1.4 12.00 56.00 68.00 OK
r-oldrel-osx-x86_64 1.4 OK

Check Details

Version: 1.4
Check: whether package can be installed
Result: WARN
    Found the following significant warnings:
     Warning: 'rgl_init' failed, running with rgl.useNULL = TRUE
Flavor: r-release-osx-x86_64