CRAN Package Check Results for Package SphericalCubature

Last updated on 2019-06-23 22:49:09 CEST.

Flavor Version Tinstall Tcheck Ttotal Status Flags
r-devel-linux-x86_64-debian-clang 1.4 4.57 40.97 45.54 OK
r-devel-linux-x86_64-debian-gcc 1.4 3.76 31.95 35.71 OK
r-devel-linux-x86_64-fedora-clang 1.4 52.56 OK
r-devel-linux-x86_64-fedora-gcc 1.4 51.24 OK
r-devel-windows-ix86+x86_64 1.4 22.00 83.00 105.00 OK
r-patched-linux-x86_64 1.4 4.39 40.35 44.74 OK
r-patched-solaris-x86 1.4 86.90 OK
r-release-linux-x86_64 1.4 4.44 41.27 45.71 OK
r-release-windows-ix86+x86_64 1.4 12.00 62.00 74.00 OK
r-release-osx-x86_64 1.4 WARN
r-oldrel-windows-ix86+x86_64 1.4 8.00 84.00 92.00 OK
r-oldrel-osx-x86_64 1.4 OK

Check Details

Version: 1.4
Check: whether package can be installed
Result: WARN
    Found the following significant warnings:
     Warning: 'rgl_init' failed, running with rgl.useNULL = TRUE
Flavor: r-release-osx-x86_64