Last updated on 2023-09-24 22:59:53 CEST.
Flavor | Version | Tinstall | Tcheck | Ttotal | Status | Flags |
---|---|---|---|---|---|---|
r-devel-linux-x86_64-debian-clang | 1.0.5 | 126.15 | 33.72 | 159.87 | OK | |
r-devel-linux-x86_64-debian-gcc | 1.0.5 | 82.02 | 26.45 | 108.47 | OK | |
r-devel-linux-x86_64-fedora-clang | 1.0.5 | 239.10 | OK | |||
r-devel-linux-x86_64-fedora-gcc | 1.0.5 | 245.49 | OK | |||
r-devel-windows-x86_64 | 1.0.5 | 96.00 | 70.00 | 166.00 | NOTE | |
r-patched-linux-x86_64 | 1.0.5 | 117.10 | 34.02 | 151.12 | OK | |
r-release-linux-x86_64 | 1.0.5 | 113.13 | 34.36 | 147.49 | OK | |
r-release-macos-arm64 | 1.0.5 | 58.00 | NOTE | |||
r-release-macos-x86_64 | 1.0.5 | 100.00 | NOTE | |||
r-release-windows-x86_64 | 1.0.5 | 121.00 | 75.00 | 196.00 | NOTE | |
r-oldrel-macos-arm64 | 1.0.5 | 53.00 | NOTE | |||
r-oldrel-macos-x86_64 | 1.0.5 | 71.00 | NOTE | |||
r-oldrel-windows-x86_64 | 1.0.5 | 106.00 | 74.00 | 180.00 | OK |
Version: 1.0.5
Check: C++ specification
Result: NOTE
Specified C++11: please drop specification unless essential
Flavors: r-devel-windows-x86_64, r-release-windows-x86_64
Version: 1.0.5
Check: installed package size
Result: NOTE
installed size is 5.4Mb
sub-directories of 1Mb or more:
libs 5.3Mb
Flavors: r-release-macos-arm64, r-release-macos-x86_64, r-oldrel-macos-arm64, r-oldrel-macos-x86_64