CRAN Package Check Results for Package SplitReg

Last updated on 2023-12-02 21:40:11 CET.

Flavor Version Tinstall Tcheck Ttotal Status Flags
r-devel-linux-x86_64-debian-clang 1.0.2 40.13 42.36 82.49 OK
r-devel-linux-x86_64-debian-gcc 1.0.2 30.03 31.01 61.04 OK
r-devel-linux-x86_64-fedora-clang 1.0.2 121.30 OK
r-devel-linux-x86_64-fedora-gcc 1.0.2 120.73 OK
r-devel-windows-x86_64 1.0.2 41.00 71.00 112.00 NOTE
r-patched-linux-x86_64 1.0.2 37.05 42.11 79.16 OK
r-release-linux-x86_64 1.0.2 34.84 42.67 77.51 OK
r-release-macos-arm64 1.0.2 39.00 OK
r-release-macos-x86_64 1.0.2 62.00 OK
r-release-windows-x86_64 1.0.2 50.00 78.00 128.00 NOTE
r-oldrel-macos-arm64 1.0.2 41.00 OK
r-oldrel-macos-x86_64 1.0.2 46.00 OK
r-oldrel-windows-x86_64 1.0.2 39.00 79.00 118.00 OK

Check Details

Version: 1.0.2
Check: C++ specification
Result: NOTE Specified C++11: please drop specification unless essential Flavors: r-devel-windows-x86_64, r-release-windows-x86_64