CRAN Package Check Results for Package SpotSampling

Last updated on 2023-06-04 23:00:13 CEST.

Flavor Version Tinstall Tcheck Ttotal Status Flags
r-devel-linux-x86_64-debian-clang 0.1.0 2.89 30.13 33.02 NOTE
r-devel-linux-x86_64-debian-gcc 0.1.0 2.34 23.68 26.02 NOTE
r-devel-linux-x86_64-fedora-clang 0.1.0 42.13 NOTE
r-devel-linux-x86_64-fedora-gcc 0.1.0 44.36 NOTE
r-devel-windows-x86_64 0.1.0 4.00 52.00 56.00 NOTE
r-patched-linux-x86_64 0.1.0 3.04 29.62 32.66 NOTE
r-release-linux-x86_64 0.1.0 2.37 29.47 31.84 NOTE
r-release-macos-arm64 0.1.0 22.00 NOTE
r-release-macos-x86_64 0.1.0 26.00 NOTE
r-release-windows-x86_64 0.1.0 5.00 53.00 58.00 NOTE
r-oldrel-macos-arm64 0.1.0 19.00 NOTE
r-oldrel-macos-x86_64 0.1.0 25.00 NOTE
r-oldrel-windows-x86_64 0.1.0 4.00 54.00 58.00 NOTE

Check Details

Version: 0.1.0
Check: LazyData
Result: NOTE
     'LazyData' is specified without a 'data' directory
Flavors: r-devel-linux-x86_64-debian-clang, r-devel-linux-x86_64-debian-gcc, r-devel-linux-x86_64-fedora-clang, r-devel-linux-x86_64-fedora-gcc, r-devel-windows-x86_64, r-patched-linux-x86_64, r-release-linux-x86_64, r-release-macos-arm64, r-release-macos-x86_64, r-release-windows-x86_64, r-oldrel-macos-arm64, r-oldrel-macos-x86_64, r-oldrel-windows-x86_64

Version: 0.1.0
Check: dependencies in R code
Result: NOTE
    Namespace in Imports field not imported from: ‘sampling’
     All declared Imports should be used.
Flavors: r-devel-linux-x86_64-fedora-clang, r-devel-linux-x86_64-fedora-gcc, r-oldrel-macos-arm64, r-oldrel-macos-x86_64