Last updated on 2023-02-03 22:57:39 CET.
Flavor | Version | Tinstall | Tcheck | Ttotal | Status | Flags |
---|---|---|---|---|---|---|
r-devel-linux-x86_64-debian-clang | 0.4.1 | 18.54 | 230.36 | 248.90 | OK | |
r-devel-linux-x86_64-debian-gcc | 0.4.1 | 16.09 | 167.30 | 183.39 | OK | |
r-devel-linux-x86_64-fedora-clang | 0.4.1 | 316.60 | OK | |||
r-devel-linux-x86_64-fedora-gcc | 0.4.1 | 314.07 | OK | |||
r-devel-windows-x86_64 | 0.4.1 | 48.00 | 333.00 | 381.00 | OK | |
r-patched-linux-x86_64 | 0.4.1 | 20.19 | 214.54 | 234.73 | OK | |
r-release-linux-x86_64 | 0.4.1 | 19.92 | 215.63 | 235.55 | OK | |
r-release-macos-arm64 | 0.4.1 | 104.00 | OK | |||
r-release-macos-x86_64 | 0.4.1 | 161.00 | NOTE | |||
r-release-windows-x86_64 | 0.4.1 | 44.00 | 303.00 | 347.00 | OK | |
r-oldrel-macos-arm64 | 0.4.1 | 114.00 | OK | |||
r-oldrel-macos-x86_64 | 0.4.1 | 187.00 | OK | |||
r-oldrel-windows-ix86+x86_64 | 0.4.1 | 40.00 | 253.00 | 293.00 | OK |
Version: 0.4.1
Check: package dependencies
Result: NOTE
Package suggested but not available for checking: ‘MTS’
Flavor: r-release-macos-x86_64