Last updated on 2023-06-09 22:58:41 CEST.
Flavor | Version | Tinstall | Tcheck | Ttotal | Status | Flags |
---|---|---|---|---|---|---|
r-devel-linux-x86_64-debian-clang | 1.1.0 | 54.81 | 115.80 | 170.61 | NOTE | |
r-devel-linux-x86_64-debian-gcc | 1.1.0 | 45.51 | 86.88 | 132.39 | NOTE | |
r-devel-linux-x86_64-fedora-clang | 1.1.0 | 231.51 | NOTE | |||
r-devel-linux-x86_64-fedora-gcc | 1.1.0 | 228.82 | NOTE | |||
r-devel-windows-x86_64 | 1.1.0 | 41.00 | 112.00 | 153.00 | NOTE | |
r-patched-linux-x86_64 | 1.1.0 | 47.11 | 107.68 | 154.79 | NOTE | |
r-release-linux-x86_64 | 1.1.0 | 47.32 | 109.57 | 156.89 | NOTE | |
r-release-macos-arm64 | 1.1.0 | 55.00 | NOTE | |||
r-release-macos-x86_64 | 1.1.0 | 101.00 | NOTE | |||
r-release-windows-x86_64 | 1.1.0 | 53.00 | 146.00 | 199.00 | NOTE | |
r-oldrel-macos-arm64 | 1.1.0 | 58.00 | OK | |||
r-oldrel-macos-x86_64 | 1.1.0 | 106.00 | OK | |||
r-oldrel-windows-x86_64 | 1.1.0 | 52.00 | 141.00 | 193.00 | OK |
Version: 1.1.0
Check: C++ specification
Result: NOTE
Specified C++11: please drop specification unless essential
Flavors: r-devel-linux-x86_64-debian-clang, r-devel-linux-x86_64-debian-gcc, r-devel-linux-x86_64-fedora-clang, r-devel-linux-x86_64-fedora-gcc, r-devel-windows-x86_64, r-patched-linux-x86_64, r-release-linux-x86_64, r-release-macos-arm64, r-release-macos-x86_64, r-release-windows-x86_64
Version: 1.1.0
Check: package subdirectories
Result: NOTE
Problems with news in ‘NEWS.md’:
No news entries found.
Flavors: r-devel-linux-x86_64-debian-clang, r-devel-linux-x86_64-debian-gcc, r-devel-linux-x86_64-fedora-clang, r-devel-linux-x86_64-fedora-gcc, r-devel-windows-x86_64, r-patched-linux-x86_64, r-release-linux-x86_64, r-release-macos-arm64, r-release-macos-x86_64, r-release-windows-x86_64