CRAN Package Check Results for Package SuperGauss

Last updated on 2019-06-17 22:52:17 CEST.

Flavor Version Tinstall Tcheck Ttotal Status Flags
r-devel-linux-x86_64-debian-clang 1.0.1 31.75 78.92 110.67 OK
r-devel-linux-x86_64-debian-gcc 1.0.1 28.14 62.14 90.28 OK
r-devel-linux-x86_64-fedora-clang 1.0.1 152.21 OK
r-devel-linux-x86_64-fedora-gcc 1.0.1 140.85 OK
r-devel-windows-ix86+x86_64 1.0.1 83.00 141.00 224.00 OK
r-patched-linux-x86_64 1.0.1 32.95 77.83 110.78 OK
r-patched-solaris-x86 1.0.1 247.90 OK
r-release-linux-x86_64 1.0.1 32.71 79.05 111.76 OK
r-release-windows-ix86+x86_64 1.0.1 61.00 118.00 179.00 OK
r-release-osx-x86_64 1.0.1 NOTE
r-oldrel-windows-ix86+x86_64 1.0.1 52.00 141.00 193.00 OK
r-oldrel-osx-x86_64 1.0.1 WARN

Check Details

Version: 1.0.1
Check: installed package size
Result: NOTE
     installed size is 6.0Mb
     sub-directories of 1Mb or more:
     libs 5.4Mb
Flavors: r-release-osx-x86_64, r-oldrel-osx-x86_64

Version: 1.0.1
Check: re-building of vignette outputs
Result: WARN
    Error in re-building vignettes:
     ...
    Warning in engine$weave(file, quiet = quiet, encoding = enc) :
     Pandoc (>= 1.12.3) and/or pandoc-citeproc not available. Falling back to R Markdown v1.
    Error: processing vignette 'SuperGauss-quicktut.Rmd' failed with diagnostics:
    there is no package called 'stringi'
    Execution halted
Flavor: r-oldrel-osx-x86_64