Last updated on 2023-12-08 21:58:46 CET.
Flavor | Version | Tinstall | Tcheck | Ttotal | Status | Flags |
---|---|---|---|---|---|---|
r-devel-linux-x86_64-debian-clang | 3.2.1 | 44.14 | 796.80 | 840.94 | NOTE | |
r-devel-linux-x86_64-debian-gcc | 3.2.1 | 38.43 | 589.15 | 627.58 | NOTE | |
r-devel-linux-x86_64-fedora-clang | 3.2.1 | 1070.93 | NOTE | |||
r-devel-linux-x86_64-fedora-gcc | 3.2.1 | 1036.74 | OK | |||
r-devel-windows-x86_64 | 3.2.1 | 40.00 | 570.00 | 610.00 | OK | |
r-patched-linux-x86_64 | 3.2.1 | 53.81 | 786.63 | 840.44 | OK | |
r-release-linux-x86_64 | 3.2.1 | 36.04 | 754.91 | 790.95 | OK | |
r-release-macos-arm64 | 3.2.1 | 150.00 | OK | |||
r-release-macos-x86_64 | 3.2.1 | 286.00 | OK | |||
r-release-windows-x86_64 | 3.2.1 | 56.00 | 638.00 | 694.00 | OK | |
r-oldrel-macos-arm64 | 3.2.1 | 191.00 | OK | |||
r-oldrel-macos-x86_64 | 3.2.1 | 1802.00 | WARN | |||
r-oldrel-windows-x86_64 | 3.2.1 | 54.00 | 727.00 | 781.00 | OK |
Version: 3.2.1
Check: Rd files
Result: NOTE
checkRd: (-1) ICA.BinBin.Grid.Sample.Rd:20: Lost braces; missing escapes or markup?
20 | \item{Volume.Perc}{Note that the marginals that are observable in the data set a number of restrictions on the unidentified correlations. For example, under montonicity for \eqn{S} and \eqn{T}, it holds that \eqn{\pi_{0111}<=min(\pi_{0\cdot1\cdot}, \pi_{\cdot1\cdot1})} and \eqn{\pi_{1100}<=min(\pi_{1\cdot0\cdot}, \pi_{\cdot1\cdot0})}. For example, when \eqn{min(\pi_{0\cdot1\cdot}, \pi_{\cdot1\cdot1})=0.10} and \eqn{min(\pi_{1\cdot0\cdot}, \pi_{\cdot1\cdot0})=0.08}, then all valid \eqn{\pi_{0111}<=0.10} and all valid \eqn{\pi_{1100}<=0.08}. The argument \code{Volume.Perc} specifies the fraction of the 'volume' of the paramater space that is explored. This volume is computed based on the grids G={0, 0.01, ..., maximum possible value for the counterfactual probability at hand}. E.g., in the previous example, the 'volume' of the parameter space would be \eqn{11*9=99}, and when e.g., the argument \code{Volume.Perc=1} is used a total of \eqn{99} runs will be conducted. Notice that when monotonicity is not assumed, relatively high values of \code{Volume.Perc} will lead to a large number of runs and consequently a long analysis time.}
| ^
checkRd: (-1) ICA.BinBin.Grid.Sample.Uncert.Rd:20: Lost braces; missing escapes or markup?
20 | \item{Volume.Perc}{Note that the marginals that are observable in the data set a number of restrictions on the unidentified correlations. For example, under montonicity for \eqn{S} and \eqn{T}, it holds that \eqn{\pi_{0111}<=min(\pi_{0\cdot1\cdot}, \pi_{\cdot1\cdot1})} and \eqn{\pi_{1100}<=min(\pi_{1\cdot0\cdot}, \pi_{\cdot1\cdot0})}. For example, when \eqn{min(\pi_{0\cdot1\cdot}, \pi_{\cdot1\cdot1})=0.10} and \eqn{min(\pi_{1\cdot0\cdot}, \pi_{\cdot1\cdot0})=0.08}, then all valid \eqn{\pi_{0111}<=0.10} and all valid \eqn{\pi_{1100}<=0.08}. The argument \code{Volume.Perc} specifies the fraction of the 'volume' of the paramater space that is explored. This volume is computed based on the grids G={0, 0.01, ..., maximum possible value for the counterfactual probability at hand}. E.g., in the previous example, the 'volume' of the parameter space would be \eqn{11*9=99}, and when e.g., the argument \code{Volume.Perc=1} is used a total of \eqn{99} runs will be conducted. Notice that when monotonicity is not assumed, relatively high values of \code{Volume.Perc} will lead to a large number of runs and consequently a long analysis time.}
| ^
checkRd: (-1) ICABinBin.Rd:22: Lost braces; missing escapes or markup?
22 | \item{Volume.Perc}{Note that the marginals that are observable in the data set a number of restrictions on the unidentified correlations. For example, under montonicity for \eqn{S} and \eqn{T}, it holds that \eqn{\pi_{0111}<=min(\pi_{0\cdot1\cdot}, \pi_{\cdot1\cdot1})} and \eqn{\pi_{1100}<=min(\pi_{1\cdot0\cdot}, \pi_{\cdot1\cdot0})}. For example, when \eqn{min(\pi_{0\cdot1\cdot}, \pi_{\cdot1\cdot1})=0.10} and \eqn{min(\pi_{1\cdot0\cdot}, \pi_{\cdot1\cdot0})=0.08}, then all valid \eqn{\pi_{0111}<=0.10} and all valid \eqn{\pi_{1100}<=0.08}. The argument \code{Volume.Perc} specifies the fraction of the 'volume' of the paramater space that is explored. This volume is computed based on the grids G={0, 0.01, ..., maximum possible value for the counterfactual probability at hand}. E.g., in the previous example, the 'volume' of the parameter space would be \eqn{11*9=99}, and when e.g., the argument \code{Volume.Perc=1} is used a total of \eqn{99} runs will be conducted for each given value of \code{Sum_Pi_f}. Notice that when monotonicity is not assumed, relatively high values of \code{Volume.Perc} will lead to a large number of runs and consequently a long analysis time.}
| ^
checkRd: (-1) MICA.Sample.ContCont.Rd:47-51: Lost braces
47 | \bold{Notes}{
| ^
checkRd: (-1) MICAContCont.Rd:42-46: Lost braces
42 | \bold{Notes}{
| ^
Flavors: r-devel-linux-x86_64-debian-clang, r-devel-linux-x86_64-debian-gcc
Version: 3.2.1
Check: package dependencies
Result: NOTE
Imports includes 24 non-default packages.
Importing from so many packages makes the package vulnerable to any of
them becoming unavailable. Move as many as possible to Suggests and
use conditionally.
Flavor: r-devel-linux-x86_64-fedora-clang
Version: 3.2.1
Check: PDF version of manual
Result: WARN
LaTeX errors when creating PDF version.
This typically indicates Rd problems.
LaTeX errors found:
! Interruption.
\@elt ...rved@a \else \expandafter \ifx \csname #1
def@ult\endcsname \f@famil...
l.4836 \item[\code{T0T1}]
A scalar or vector that contains the correlation(s...
! Emergency stop.
\@elt ...rved@a \else \expandafter \ifx \csname #1
def@ult\endcsname \f@famil...
l.4836 \item[\code{T0T1}]
A scalar or vector that contains the correlation(s...
! ==> Fatal error occurred, no output PDF file produced!
* checking PDF version of manual without index ...* using check arguments '--no-clean-on-error '
Flavor: r-oldrel-macos-x86_64