Last updated on 2024-03-28 23:01:59 CET.
Flavor | Version | Tinstall | Tcheck | Ttotal | Status | Flags |
---|---|---|---|---|---|---|
r-devel-linux-x86_64-debian-clang | 0.1.1 | 10.73 | 120.54 | 131.27 | OK | |
r-devel-linux-x86_64-debian-gcc | 0.1.1 | 11.18 | 87.79 | 98.97 | OK | |
r-devel-linux-x86_64-fedora-clang | 0.1.1 | 162.89 | NOTE | |||
r-devel-linux-x86_64-fedora-gcc | 0.1.1 | 157.97 | NOTE | |||
r-devel-windows-x86_64 | 0.1.1 | 13.00 | 98.00 | 111.00 | OK | |
r-patched-linux-x86_64 | 0.1.1 | 8.18 | 113.68 | 121.86 | OK | |
r-release-linux-x86_64 | 0.1.1 | 12.99 | 118.42 | 131.41 | OK | |
r-release-macos-arm64 | 0.1.1 | 57.00 | OK | |||
r-release-macos-x86_64 | 0.1.1 | 82.00 | OK | |||
r-release-windows-x86_64 | 0.1.1 | 16.00 | 127.00 | 143.00 | OK | |
r-oldrel-macos-arm64 | 0.1.1 | 57.00 | NOTE | |||
r-oldrel-windows-x86_64 | 0.1.1 | 17.00 | 120.00 | 137.00 | OK |
Version: 0.1.1
Check: dependencies in R code
Result: NOTE
Namespace in Imports field not imported from: ‘readr’
All declared Imports should be used.
Flavors: r-devel-linux-x86_64-fedora-clang, r-devel-linux-x86_64-fedora-gcc, r-oldrel-macos-arm64