Last updated on 2024-03-28 23:02:00 CET.
Flavor | Version | Tinstall | Tcheck | Ttotal | Status | Flags |
---|---|---|---|---|---|---|
r-devel-linux-x86_64-debian-clang | 1.1.2 | 6.43 | 67.61 | 74.04 | OK | |
r-devel-linux-x86_64-debian-gcc | 1.1.2 | 5.84 | 52.20 | 58.04 | OK | |
r-devel-linux-x86_64-fedora-clang | 1.1.2 | 93.89 | NOTE | |||
r-devel-linux-x86_64-fedora-gcc | 1.1.2 | 93.06 | NOTE | |||
r-devel-windows-x86_64 | 1.1.2 | 8.00 | 81.00 | 89.00 | OK | |
r-patched-linux-x86_64 | 1.1.2 | 7.78 | 68.73 | 76.51 | OK | |
r-release-linux-x86_64 | 1.1.2 | 8.23 | 67.91 | 76.14 | OK | |
r-release-macos-arm64 | 1.1.2 | 44.00 | OK | |||
r-release-macos-x86_64 | 1.1.2 | 64.00 | OK | |||
r-release-windows-x86_64 | 1.1.2 | 10.00 | 85.00 | 95.00 | OK | |
r-oldrel-macos-arm64 | 1.1.2 | 37.00 | OK | |||
r-oldrel-windows-x86_64 | 1.1.2 | 10.00 | 94.00 | 104.00 | OK |
Version: 1.1.2
Check: compiled code
Result: NOTE
File ‘SynchWave/libs/SynchWave.so’:
Found no calls to: ‘R_registerRoutines’, ‘R_useDynamicSymbols’
It is good practice to register native routines and to disable symbol
search.
See ‘Writing portable packages’ in the ‘Writing R Extensions’ manual.
Flavors: r-devel-linux-x86_64-fedora-clang, r-devel-linux-x86_64-fedora-gcc