CRAN Package Check Results for Package Sysrecon

Last updated on 2023-06-07 22:02:57 CEST.

Flavor Version Tinstall Tcheck Ttotal Status Flags
r-devel-linux-x86_64-debian-clang 0.1.3 11.10 83.89 94.99 OK
r-devel-linux-x86_64-debian-gcc 0.1.3 7.33 62.03 69.36 OK
r-devel-linux-x86_64-fedora-clang 0.1.3 118.19 NOTE
r-devel-linux-x86_64-fedora-gcc 0.1.3 108.36 NOTE
r-devel-windows-x86_64 0.1.3 10.00 82.00 92.00 OK
r-patched-linux-x86_64 0.1.3 11.02 78.23 89.25 OK
r-release-linux-x86_64 0.1.3 8.09 78.15 86.24 OK
r-release-macos-arm64 0.1.3 34.00 OK
r-release-macos-x86_64 0.1.3 53.00 OK
r-release-windows-x86_64 0.1.3 12.00 95.00 107.00 OK
r-oldrel-macos-arm64 0.1.3 30.00 OK
r-oldrel-macos-x86_64 0.1.3 50.00 OK
r-oldrel-windows-x86_64 0.1.3 12.00 99.00 111.00 OK

Check Details

Version: 0.1.3
Check: data for non-ASCII characters
Result: NOTE
     Note: found 38 marked UTF-8 strings
Flavors: r-devel-linux-x86_64-fedora-clang, r-devel-linux-x86_64-fedora-gcc