CRAN Package Check Results for Package TCA

Last updated on 2024-06-23 22:48:42 CEST.

Flavor Version Tinstall Tcheck Ttotal Status Flags
r-devel-linux-x86_64-debian-clang 1.2.1 12.21 92.51 104.72 NOTE
r-devel-linux-x86_64-debian-gcc 1.2.1 7.60 66.82 74.42 NOTE
r-devel-linux-x86_64-fedora-clang 1.2.1 130.42 NOTE
r-devel-linux-x86_64-fedora-gcc 1.2.1 140.40 NOTE
r-devel-windows-x86_64 1.2.1 9.00 80.00 89.00 NOTE
r-patched-linux-x86_64 1.2.1 8.13 86.37 94.50 NOTE
r-release-linux-x86_64 1.2.1 9.28 87.66 96.94 NOTE
r-release-macos-arm64 1.2.1 43.00 NOTE
r-release-macos-x86_64 1.2.1 62.00 NOTE
r-release-windows-x86_64 1.2.1 10.00 78.00 88.00 NOTE
r-oldrel-macos-arm64 1.2.1 45.00 NOTE
r-oldrel-macos-x86_64 1.2.1 65.00 NOTE
r-oldrel-windows-x86_64 1.2.1 12.00 95.00 107.00 NOTE

Check Details

Version: 1.2.1
Check: Rd files
Result: NOTE checkRd: (-1) tca.Rd:35: Lost braces; missing escapes or markup? 35 | \item{C1.map}{An \code{p1} by \code{k} matrix of 0/1 values, indicating for each of the \code{p1} covariates in \code{C1} whether to consider its potential effects on the values of each of the \code{k} sources (e.g., if position \code{i,j} in \code{C1.map} is 1 then the potential effect of the \code{i}-th covariate in \code{C1} on the {j}-th source will be considered). If \code{C1.map == NULL} then effects for all covariates in \code{C1} will be considered in each of the sources. Note that \code{C1.map} is available only if \code{constrain_mu == TRUE}.} | ^ Flavors: r-devel-linux-x86_64-debian-clang, r-devel-linux-x86_64-debian-gcc, r-devel-linux-x86_64-fedora-clang, r-devel-linux-x86_64-fedora-gcc, r-devel-windows-x86_64, r-patched-linux-x86_64, r-release-linux-x86_64, r-release-macos-arm64, r-release-macos-x86_64, r-release-windows-x86_64

Version: 1.2.1
Check: LazyData
Result: NOTE 'LazyData' is specified without a 'data' directory Flavors: r-devel-linux-x86_64-debian-clang, r-devel-linux-x86_64-debian-gcc, r-devel-linux-x86_64-fedora-clang, r-devel-linux-x86_64-fedora-gcc, r-devel-windows-x86_64, r-patched-linux-x86_64, r-release-linux-x86_64, r-release-macos-arm64, r-release-macos-x86_64, r-release-windows-x86_64, r-oldrel-macos-arm64, r-oldrel-macos-x86_64, r-oldrel-windows-x86_64

Version: 1.2.1
Check: dependencies in R code
Result: NOTE Namespaces in Imports field not imported from: ‘Matrix’ ‘quadprog’ All declared Imports should be used. Flavors: r-devel-linux-x86_64-fedora-clang, r-devel-linux-x86_64-fedora-gcc