CRAN Package Check Results for Package TDAstats

Last updated on 2023-12-03 22:57:24 CET.

Flavor Version Tinstall Tcheck Ttotal Status Flags
r-devel-linux-x86_64-debian-clang 0.4.1 26.23 80.38 106.61 NOTE
r-devel-linux-x86_64-debian-gcc 0.4.1 18.52 61.29 79.81 NOTE
r-devel-linux-x86_64-fedora-clang 0.4.1 140.05 NOTE
r-devel-linux-x86_64-fedora-gcc 0.4.1 152.99 NOTE
r-devel-windows-x86_64 0.4.1 22.00 102.00 124.00 NOTE
r-patched-linux-x86_64 0.4.1 20.45 76.80 97.25 NOTE
r-release-linux-x86_64 0.4.1 22.49 76.94 99.43 NOTE
r-release-macos-arm64 0.4.1 56.00 NOTE
r-release-macos-x86_64 0.4.1 79.00 NOTE
r-release-windows-x86_64 0.4.1 28.00 114.00 142.00 NOTE
r-oldrel-macos-arm64 0.4.1 42.00 OK
r-oldrel-macos-x86_64 0.4.1 76.00 OK
r-oldrel-windows-x86_64 0.4.1 26.00 138.00 164.00 OK

Check Details

Version: 0.4.1
Check: C++ specification
Result: NOTE Specified C++11: please drop specification unless essential Flavors: r-devel-linux-x86_64-debian-clang, r-devel-linux-x86_64-debian-gcc, r-devel-linux-x86_64-fedora-clang, r-devel-linux-x86_64-fedora-gcc, r-devel-windows-x86_64, r-patched-linux-x86_64, r-release-linux-x86_64, r-release-macos-arm64, r-release-macos-x86_64, r-release-windows-x86_64