CRAN Package Check Results for Package TIMP

Last updated on 2017-11-21 22:48:42 CET.

Flavor Version Tinstall Tcheck Ttotal Status Flags
r-devel-linux-x86_64-debian-clang 1.13.0 3.37 71.30 74.67 NOTE
r-devel-linux-x86_64-debian-gcc 1.13.0 4.18 159.39 163.57 NOTE
r-devel-linux-x86_64-fedora-clang 1.13.0 138.81 NOTE
r-devel-linux-x86_64-fedora-gcc 1.13.0 203.95 NOTE
r-devel-windows-ix86+x86_64 1.13.0 17.00 181.00 198.00 OK
r-patched-linux-x86_64 1.13.0 3.82 75.37 79.19 NOTE
r-patched-solaris-x86 1.13.0 173.80 OK
r-release-linux-x86_64 1.13.0 3.55 76.84 80.38 NOTE
r-release-windows-ix86+x86_64 1.13.0 11.00 166.00 177.00 OK
r-release-osx-x86_64 1.13.0 OK
r-oldrel-windows-ix86+x86_64 1.13.0 10.00 217.00 227.00 OK
r-oldrel-osx-x86_64 1.13.0 OK

Check Details

Version: 1.13.0
Check: compiled code
Result: NOTE
    File ‘TIMP/libs/TIMP.so’:
     Found no calls to: ‘R_registerRoutines’, ‘R_useDynamicSymbols’
    
    It is good practice to register native routines and to disable symbol
    search.
    
    See ‘Writing portable packages’ in the ‘Writing R Extensions’ manual.
Flavors: r-devel-linux-x86_64-debian-clang, r-devel-linux-x86_64-debian-gcc, r-devel-linux-x86_64-fedora-clang, r-devel-linux-x86_64-fedora-gcc, r-patched-linux-x86_64, r-release-linux-x86_64