CRAN Package Check Results for Package TIMP

Last updated on 2019-06-23 22:49:11 CEST.

Flavor Version Tinstall Tcheck Ttotal Status Flags
r-devel-linux-x86_64-debian-clang 1.13.2 18.93 112.18 131.11 NOTE
r-devel-linux-x86_64-debian-gcc 1.13.2 14.76 87.65 102.41 NOTE
r-devel-linux-x86_64-fedora-clang 1.13.2 152.18 NOTE
r-devel-linux-x86_64-fedora-gcc 1.13.2 147.23 NOTE
r-devel-windows-ix86+x86_64 1.13.2 43.00 230.00 273.00 OK
r-patched-linux-x86_64 1.13.2 16.55 112.18 128.73 OK
r-patched-solaris-x86 1.13.2 203.30 OK
r-release-linux-x86_64 1.13.2 15.98 113.75 129.73 OK
r-release-windows-ix86+x86_64 1.13.2 28.00 188.00 216.00 OK
r-release-osx-x86_64 1.13.2 OK
r-oldrel-windows-ix86+x86_64 1.13.2 18.00 226.00 244.00 OK
r-oldrel-osx-x86_64 1.13.2 OK

Check Details

Version: 1.13.2
Check: for non-standard things in the check directory
Result: NOTE
    Found the following files/directories:
     '_paramEst.txt'
Flavors: r-devel-linux-x86_64-debian-clang, r-devel-linux-x86_64-debian-gcc, r-devel-linux-x86_64-fedora-clang, r-devel-linux-x86_64-fedora-gcc