CRAN Package Check Results for Package TIMP

Last updated on 2019-09-14 22:48:40 CEST.

Flavor Version Tinstall Tcheck Ttotal Status Flags
r-devel-linux-x86_64-debian-clang 1.13.2 17.26 112.48 129.74 NOTE
r-devel-linux-x86_64-debian-gcc 1.13.2 16.31 88.29 104.60 NOTE
r-devel-linux-x86_64-fedora-clang 1.13.2 162.25 NOTE
r-devel-linux-x86_64-fedora-gcc 1.13.2 152.70 NOTE
r-devel-windows-ix86+x86_64 1.13.2 42.00 165.00 207.00 OK
r-patched-linux-x86_64 1.13.2 15.97 110.68 126.65 OK
r-patched-solaris-x86 1.13.2 201.20 OK
r-release-linux-x86_64 1.13.2 16.64 111.78 128.42 OK
r-release-windows-ix86+x86_64 1.13.2 21.00 166.00 187.00 OK
r-release-osx-x86_64 1.13.2 OK
r-oldrel-windows-ix86+x86_64 1.13.2 33.00 157.00 190.00 OK
r-oldrel-osx-x86_64 1.13.2 OK

Check Details

Version: 1.13.2
Check: for non-standard things in the check directory
Result: NOTE
    Found the following files/directories:
     '_paramEst.txt'
Flavors: r-devel-linux-x86_64-debian-clang, r-devel-linux-x86_64-debian-gcc, r-devel-linux-x86_64-fedora-clang, r-devel-linux-x86_64-fedora-gcc