CRAN Package Check Results for Package TIMP

Last updated on 2018-09-23 22:47:18 CEST.

Flavor Version Tinstall Tcheck Ttotal Status Flags
r-devel-linux-x86_64-debian-clang 1.13.0 15.78 118.18 133.96 OK
r-devel-linux-x86_64-debian-gcc 1.13.0 12.98 92.85 105.83 OK
r-devel-linux-x86_64-fedora-clang 1.13.0 155.45 NOTE
r-devel-linux-x86_64-fedora-gcc 1.13.0 155.76 NOTE
r-devel-windows-ix86+x86_64 1.13.0 30.00 229.00 259.00 OK
r-patched-linux-x86_64 1.13.0 12.87 105.62 118.49 OK
r-patched-solaris-x86 1.13.0 184.10 OK
r-release-linux-x86_64 1.13.0 14.87 106.83 121.70 OK
r-release-windows-ix86+x86_64 1.13.0 19.00 220.00 239.00 OK
r-release-osx-x86_64 1.13.0 OK
r-oldrel-windows-ix86+x86_64 1.13.0 11.00 248.00 259.00 OK
r-oldrel-osx-x86_64 1.13.0 OK

Check Details

Version: 1.13.0
Check: compiled code
Result: NOTE
    File ‘TIMP/libs/TIMP.so’:
     Found no calls to: ‘R_registerRoutines’, ‘R_useDynamicSymbols’
    
    It is good practice to register native routines and to disable symbol
    search.
    
    See ‘Writing portable packages’ in the ‘Writing R Extensions’ manual.
Flavors: r-devel-linux-x86_64-fedora-clang, r-devel-linux-x86_64-fedora-gcc