CRAN Package Check Results for Package TMDb

Last updated on 2019-12-10 22:49:51 CET.

Flavor Version Tinstall Tcheck Ttotal Status Flags
r-devel-linux-x86_64-debian-clang 1.0 5.12 34.65 39.77 NOTE
r-devel-linux-x86_64-debian-gcc 1.0 4.32 27.01 31.33 NOTE
r-devel-linux-x86_64-fedora-clang 1.0 48.28 NOTE
r-devel-linux-x86_64-fedora-gcc 1.0 47.93 NOTE
r-devel-windows-ix86+x86_64 1.0 10.00 73.00 83.00 NOTE
r-devel-windows-ix86+x86_64-gcc8 1.0 9.00 53.00 62.00 NOTE
r-patched-linux-x86_64 1.0 4.07 32.28 36.35 NOTE
r-patched-solaris-x86 1.0 60.20 NOTE
r-release-linux-x86_64 1.0 4.10 31.69 35.79 NOTE
r-release-windows-ix86+x86_64 1.0 9.00 48.00 57.00 NOTE
r-release-osx-x86_64 1.0 NOTE
r-oldrel-windows-ix86+x86_64 1.0 6.00 44.00 50.00 NOTE
r-oldrel-osx-x86_64 1.0 NOTE

Check Details

Version: 1.0
Check: R code for possible problems
Result: NOTE
    search_collection: no visible global function definition for
     'URLencode'
    search_company: no visible global function definition for 'URLencode'
    search_keyword: no visible global function definition for 'URLencode'
    search_list: no visible global function definition for 'URLencode'
    search_movie: no visible global function definition for 'URLencode'
    search_multi: no visible global function definition for 'URLencode'
    search_person: no visible global function definition for 'URLencode'
    search_tv: no visible global function definition for 'URLencode'
    Undefined global functions or variables:
     URLencode
    Consider adding
     importFrom("utils", "URLencode")
    to your NAMESPACE file.
Flavors: r-devel-linux-x86_64-debian-clang, r-devel-linux-x86_64-debian-gcc, r-devel-linux-x86_64-fedora-clang, r-devel-linux-x86_64-fedora-gcc, r-devel-windows-ix86+x86_64, r-devel-windows-ix86+x86_64-gcc8, r-patched-linux-x86_64, r-patched-solaris-x86, r-release-linux-x86_64, r-release-windows-ix86+x86_64, r-release-osx-x86_64, r-oldrel-windows-ix86+x86_64, r-oldrel-osx-x86_64