Last updated on 2024-04-22 23:10:07 CEST.
Flavor | Version | Tinstall | Tcheck | Ttotal | Status | Flags |
---|---|---|---|---|---|---|
r-devel-linux-x86_64-debian-clang | 1.1.0 | 9.30 | 179.00 | 188.30 | NOTE | |
r-devel-linux-x86_64-debian-gcc | 1.1.0 | 9.15 | 131.51 | 140.66 | NOTE | |
r-devel-linux-x86_64-fedora-clang | 1.1.0 | 233.61 | NOTE | |||
r-devel-linux-x86_64-fedora-gcc | 1.1.0 | 236.71 | NOTE | |||
r-prerel-macos-arm64 | 1.1.0 | 68.00 | NOTE | |||
r-prerel-windows-x86_64 | 1.1.0 | 11.00 | 144.00 | 155.00 | NOTE | |
r-patched-linux-x86_64 | 1.1.0 | 12.03 | 167.69 | 179.72 | NOTE | |
r-release-linux-x86_64 | 1.1.0 | 10.26 | 164.92 | 175.18 | NOTE | |
r-release-macos-arm64 | 1.1.0 | 89.00 | NOTE | |||
r-release-macos-x86_64 | 1.1.0 | 122.00 | NOTE | |||
r-release-windows-x86_64 | 1.1.0 | 14.00 | 177.00 | 191.00 | NOTE | |
r-oldrel-macos-arm64 | 1.1.0 | 68.00 | NOTE | |||
r-oldrel-windows-x86_64 | 1.1.0 | 14.00 | 391.00 | 405.00 | NOTE |
Version: 1.1.0
Check: LazyData
Result: NOTE
'LazyData' is specified without a 'data' directory
Flavors: r-devel-linux-x86_64-debian-clang, r-devel-linux-x86_64-debian-gcc, r-devel-linux-x86_64-fedora-clang, r-devel-linux-x86_64-fedora-gcc, r-prerel-macos-arm64, r-prerel-windows-x86_64, r-patched-linux-x86_64, r-release-linux-x86_64, r-release-macos-arm64, r-release-macos-x86_64, r-release-windows-x86_64, r-oldrel-macos-arm64, r-oldrel-windows-x86_64