CRAN Package Check Results for Package TROM

Last updated on 2019-10-16 22:56:13 CEST.

Flavor Version Tinstall Tcheck Ttotal Status Flags
r-devel-linux-x86_64-debian-clang 1.3 16.36 128.58 144.94 OK
r-devel-linux-x86_64-debian-gcc 1.3 14.73 98.27 113.00 OK
r-devel-linux-x86_64-fedora-clang 1.3 176.04 OK
r-devel-linux-x86_64-fedora-gcc 1.3 178.16 OK
r-devel-windows-ix86+x86_64 1.3 41.00 118.00 159.00 OK
r-patched-linux-x86_64 1.3 14.12 120.53 134.65 OK
r-patched-solaris-x86 1.3 248.60 OK
r-release-linux-x86_64 1.3 14.91 124.20 139.11 OK
r-release-windows-ix86+x86_64 1.3 27.00 170.00 197.00 OK
r-release-osx-x86_64 1.3 ERROR
r-oldrel-windows-ix86+x86_64 1.3 21.00 123.00 144.00 OK
r-oldrel-osx-x86_64 1.3 OK

Check Details

Version: 1.3
Check: package dependencies
Result: ERROR
    Package required but not available: ‘GO.db’
    
    See section ‘The DESCRIPTION file’ in the ‘Writing R Extensions’
    manual.
Flavor: r-release-osx-x86_64