CRAN Package Check Results for Package TROM

Last updated on 2019-07-17 22:54:42 CEST.

Flavor Version Tinstall Tcheck Ttotal Status Flags
r-devel-linux-x86_64-debian-clang 1.3 15.68 125.08 140.76 OK
r-devel-linux-x86_64-debian-gcc 1.3 13.20 98.95 112.15 OK
r-devel-linux-x86_64-fedora-clang 1.3 168.92 OK
r-devel-linux-x86_64-fedora-gcc 1.3 165.27 OK
r-devel-windows-ix86+x86_64 1.3 38.00 123.00 161.00 OK
r-patched-linux-x86_64 1.3 14.86 122.03 136.89 OK
r-patched-solaris-x86 1.3 249.40 OK
r-release-linux-x86_64 1.3 14.05 124.49 138.54 OK
r-release-windows-ix86+x86_64 1.3 28.00 171.00 199.00 OK
r-release-osx-x86_64 1.3 ERROR
r-oldrel-windows-ix86+x86_64 1.3 19.00 158.00 177.00 OK
r-oldrel-osx-x86_64 1.3 OK

Check Details

Version: 1.3
Check: package dependencies
Result: ERROR
    Packages required but not available: 'AnnotationDbi', 'GO.db', 'topGO'
    
    See section ‘The DESCRIPTION file’ in the ‘Writing R Extensions’
    manual.
Flavor: r-release-osx-x86_64