Last updated on 2023-10-01 23:04:01 CEST.
Flavor | Version | Tinstall | Tcheck | Ttotal | Status | Flags |
---|---|---|---|---|---|---|
r-devel-linux-x86_64-debian-clang | 1.3.1 | 12.35 | 120.79 | 133.14 | OK | |
r-devel-linux-x86_64-debian-gcc | 1.3.1 | 12.56 | 93.21 | 105.77 | OK | |
r-devel-linux-x86_64-fedora-clang | 1.3.1 | 166.25 | NOTE | |||
r-devel-linux-x86_64-fedora-gcc | 1.3.1 | 171.89 | NOTE | |||
r-devel-windows-x86_64 | 1.3.1 | 15.00 | 260.00 | 275.00 | OK | |
r-patched-linux-x86_64 | 1.3.1 | 13.24 | 110.56 | 123.80 | OK | |
r-release-linux-x86_64 | 1.3.1 | 12.95 | 121.30 | 134.25 | OK | |
r-release-macos-arm64 | 1.3.1 | 52.00 | OK | |||
r-release-macos-x86_64 | 1.3.1 | 84.00 | OK | |||
r-release-windows-x86_64 | 1.3.1 | 17.00 | 156.00 | 173.00 | OK | |
r-oldrel-macos-arm64 | 1.3.1 | 51.00 | NOTE | |||
r-oldrel-macos-x86_64 | 1.3.1 | 72.00 | NOTE | |||
r-oldrel-windows-x86_64 | 1.3.1 | 18.00 | 154.00 | 172.00 | OK |
Version: 1.3.1
Check: dependencies in R code
Result: NOTE
Namespace in Imports field not imported from: ‘tseries’
All declared Imports should be used.
Flavors: r-devel-linux-x86_64-fedora-clang, r-devel-linux-x86_64-fedora-gcc, r-oldrel-macos-arm64, r-oldrel-macos-x86_64