Last updated on 2024-04-23 22:55:40 CEST.
Flavor | Version | Tinstall | Tcheck | Ttotal | Status | Flags |
---|---|---|---|---|---|---|
r-devel-linux-x86_64-debian-clang | 2.0 | 95.44 | 57.29 | 152.73 | OK | |
r-devel-linux-x86_64-debian-gcc | 2.0 | 71.43 | 50.45 | 121.88 | OK | |
r-devel-linux-x86_64-fedora-clang | 2.0 | 197.05 | OK | |||
r-devel-linux-x86_64-fedora-gcc | 2.0 | 207.93 | OK | |||
r-prerel-macos-arm64 | 2.0 | 46.00 | NOTE | |||
r-prerel-windows-x86_64 | 2.0 | 69.00 | 85.00 | 154.00 | OK | |
r-patched-linux-x86_64 | 2.0 | 89.60 | 61.51 | 151.11 | OK | |
r-release-linux-x86_64 | 2.0 | 84.35 | 61.40 | 145.75 | OK | |
r-release-macos-arm64 | 2.0 | 50.00 | NOTE | |||
r-release-macos-x86_64 | 2.0 | 78.00 | NOTE | |||
r-release-windows-x86_64 | 2.0 | 82.00 | 101.00 | 183.00 | OK | |
r-oldrel-macos-arm64 | 2.0 | 50.00 | NOTE | |||
r-oldrel-windows-x86_64 | 2.0 | 76.00 | 95.00 | 171.00 | OK |
Version: 2.0
Check: installed package size
Result: NOTE
installed size is 16.8Mb
sub-directories of 1Mb or more:
data 1.2Mb
libs 15.4Mb
Flavors: r-prerel-macos-arm64, r-release-macos-arm64, r-release-macos-x86_64, r-oldrel-macos-arm64