Last updated on 2024-05-03 22:53:28 CEST.
Flavor | Version | Tinstall | Tcheck | Ttotal | Status | Flags |
---|---|---|---|---|---|---|
r-devel-linux-x86_64-debian-clang | 0.9 | 3.56 | 30.55 | 34.11 | NOTE | |
r-devel-linux-x86_64-fedora-clang | 0.9 | 41.48 | NOTE | |||
r-devel-linux-x86_64-fedora-gcc | 0.9 | 38.56 | NOTE | |||
r-devel-windows-x86_64 | 0.9 | 6.00 | 133.00 | 139.00 | NOTE | |
r-patched-linux-x86_64 | 0.9 | 4.00 | 28.28 | 32.28 | NOTE | |
r-release-linux-x86_64 | 0.9 | 3.47 | 27.33 | 30.80 | NOTE | |
r-release-macos-arm64 | 0.9 | 20.00 | NOTE | |||
r-release-windows-x86_64 | 0.9 | 7.00 | 130.00 | 137.00 | NOTE | |
r-oldrel-macos-arm64 | 0.9 | 20.00 | NOTE | |||
r-oldrel-macos-x86_64 | 0.9 | 30.00 | NOTE | |||
r-oldrel-windows-x86_64 | 0.9 | 9.00 | 206.00 | 215.00 | NOTE |
Version: 0.9
Check: LazyData
Result: NOTE
'LazyData' is specified without a 'data' directory
Flavors: r-devel-linux-x86_64-debian-clang, r-devel-linux-x86_64-fedora-clang, r-devel-linux-x86_64-fedora-gcc, r-devel-windows-x86_64, r-patched-linux-x86_64, r-release-linux-x86_64, r-release-macos-arm64, r-release-windows-x86_64, r-oldrel-macos-arm64, r-oldrel-macos-x86_64, r-oldrel-windows-x86_64