CRAN Package Check Results for Package TSMSN

Last updated on 2021-04-12 22:51:19 CEST.

Flavor Version Tinstall Tcheck Ttotal Status Flags
r-devel-linux-x86_64-debian-clang 0.0.1 2.64 29.30 31.94 NOTE
r-devel-linux-x86_64-debian-gcc 0.0.1 2.73 22.87 25.60 NOTE
r-devel-linux-x86_64-fedora-clang 0.0.1 48.15 NOTE
r-devel-linux-x86_64-fedora-gcc 0.0.1 39.23 NOTE
r-devel-windows-ix86+x86_64 0.0.1 7.00 44.00 51.00 NOTE
r-devel-windows-x86_64-gcc10-UCRT 0.0.1 NOTE
r-patched-linux-x86_64 0.0.1 3.21 28.45 31.66 OK
r-patched-solaris-x86 0.0.1 58.10 OK
r-release-linux-x86_64 0.0.1 2.84 28.21 31.05 OK
r-release-macos-x86_64 0.0.1 OK
r-release-windows-ix86+x86_64 0.0.1 6.00 45.00 51.00 OK
r-oldrel-macos-x86_64 0.0.1 OK
r-oldrel-windows-ix86+x86_64 0.0.1 5.00 34.00 39.00 OK

Check Details

Version: 0.0.1
Check: LazyData
Result: NOTE
     'LazyData' is specified without a 'data' directory
Flavors: r-devel-linux-x86_64-debian-clang, r-devel-linux-x86_64-debian-gcc, r-devel-linux-x86_64-fedora-clang, r-devel-linux-x86_64-fedora-gcc, r-devel-windows-ix86+x86_64, r-devel-windows-x86_64-gcc10-UCRT