Last updated on 2024-04-18 22:53:04 CEST.
Flavor | Version | Tinstall | Tcheck | Ttotal | Status | Flags |
---|---|---|---|---|---|---|
r-devel-linux-x86_64-debian-clang | 5.1 | 9.65 | 99.84 | 109.49 | OK | |
r-devel-linux-x86_64-debian-gcc | 5.1 | 7.60 | 69.25 | 76.85 | OK | |
r-devel-linux-x86_64-fedora-clang | 5.1 | 136.99 | NOTE | |||
r-devel-linux-x86_64-fedora-gcc | 5.1 | 128.80 | NOTE | |||
r-prerel-macos-arm64 | 5.1 | 38.00 | OK | |||
r-prerel-windows-x86_64 | 5.1 | 12.00 | 104.00 | 116.00 | OK | |
r-patched-linux-x86_64 | 5.1 | 18.83 | 92.40 | 111.23 | OK | |
r-release-linux-x86_64 | 5.1 | 8.03 | 92.09 | 100.12 | OK | |
r-release-macos-arm64 | 5.1 | 42.00 | OK | |||
r-release-macos-x86_64 | 5.1 | 57.00 | OK | |||
r-release-windows-x86_64 | 5.1 | 14.00 | 286.00 | 300.00 | OK | |
r-oldrel-macos-arm64 | 5.1 | 38.00 | NOTE | |||
r-oldrel-windows-x86_64 | 5.1 | 14.00 | 104.00 | 118.00 | OK |
Version: 5.1
Check: dependencies in R code
Result: NOTE
Namespaces in Imports field not imported from:
‘EMD’ ‘vars’
All declared Imports should be used.
Flavors: r-devel-linux-x86_64-fedora-clang, r-devel-linux-x86_64-fedora-gcc, r-oldrel-macos-arm64