Last updated on 2023-12-02 21:40:13 CET.
Flavor | Version | Tinstall | Tcheck | Ttotal | Status | Flags |
---|---|---|---|---|---|---|
r-devel-linux-x86_64-debian-clang | 1.1.4 | 143.30 | 156.92 | 300.22 | WARN | |
r-devel-linux-x86_64-debian-gcc | 1.1.4 | 84.33 | 124.36 | 208.69 | NOTE | |
r-devel-linux-x86_64-fedora-clang | 1.1.4 | 414.15 | WARN | |||
r-devel-linux-x86_64-fedora-gcc | 1.1.4 | 396.91 | OK | |||
r-devel-windows-x86_64 | 1.1.4 | 100.00 | 198.00 | 298.00 | OK | |
r-patched-linux-x86_64 | 1.1.4 | 102.59 | 155.52 | 258.11 | OK | |
r-release-linux-x86_64 | 1.1.4 | 108.96 | 155.99 | 264.95 | OK | |
r-release-macos-arm64 | 1.1.4 | 83.00 | OK | |||
r-release-macos-x86_64 | 1.1.4 | 172.00 | OK | |||
r-release-windows-x86_64 | 1.1.4 | 128.00 | 198.00 | 326.00 | OK | |
r-oldrel-macos-arm64 | 1.1.4 | 84.00 | OK | |||
r-oldrel-macos-x86_64 | 1.1.4 | 114.00 | OK | |||
r-oldrel-windows-x86_64 | 1.1.4 | 118.00 | 203.00 | 321.00 | OK |
Version: 1.1.4
Check: whether package can be installed
Result: WARN
Found the following significant warnings:
RcppExports.cpp:42:18: warning: format string is not a string literal (potentially insecure) [-Wformat-security]
RcppExports.cpp:77:18: warning: format string is not a string literal (potentially insecure) [-Wformat-security]
RcppExports.cpp:111:18: warning: format string is not a string literal (potentially insecure) [-Wformat-security]
RcppExports.cpp:148:18: warning: format string is not a string literal (potentially insecure) [-Wformat-security]
RcppExports.cpp:185:18: warning: format string is not a string literal (potentially insecure) [-Wformat-security]
RcppExports.cpp:221:18: warning: format string is not a string literal (potentially insecure) [-Wformat-security]
RcppExports.cpp:257:18: warning: format string is not a string literal (potentially insecure) [-Wformat-security]
RcppExports.cpp:292:18: warning: format string is not a string literal (potentially insecure) [-Wformat-security]
RcppExports.cpp:327:18: warning: format string is not a string literal (potentially insecure) [-Wformat-security]
RcppExports.cpp:362:18: warning: format string is not a string literal (potentially insecure) [-Wformat-security]
RcppExports.cpp:397:18: warning: format string is not a string literal (potentially insecure) [-Wformat-security]
RcppExports.cpp:434:18: warning: format string is not a string literal (potentially insecure) [-Wformat-security]
RcppExports.cpp:470:18: warning: format string is not a string literal (potentially insecure) [-Wformat-security]
See ‘/home/hornik/tmp/R.check/r-devel-clang/Work/PKGS/TauStar.Rcheck/00install.out’ for details.
* used C++ compiler: ‘Debian clang version 17.0.5 (1)’
Flavor: r-devel-linux-x86_64-debian-clang
Version: 1.1.4
Check: Rd files
Result: NOTE
checkRd: (-1) pDisHoeffInd.Rd:24: Lost braces
24 | eqn{P(X = u_i)}.}
| ^
Flavors: r-devel-linux-x86_64-debian-clang, r-devel-linux-x86_64-debian-gcc
Version: 1.1.4
Check: whether package can be installed
Result: WARN
Found the following significant warnings:
RcppExports.cpp:42:18: warning: format string is not a string literal (potentially insecure) [-Wformat-security]
RcppExports.cpp:77:18: warning: format string is not a string literal (potentially insecure) [-Wformat-security]
RcppExports.cpp:111:18: warning: format string is not a string literal (potentially insecure) [-Wformat-security]
RcppExports.cpp:148:18: warning: format string is not a string literal (potentially insecure) [-Wformat-security]
RcppExports.cpp:185:18: warning: format string is not a string literal (potentially insecure) [-Wformat-security]
RcppExports.cpp:221:18: warning: format string is not a string literal (potentially insecure) [-Wformat-security]
RcppExports.cpp:257:18: warning: format string is not a string literal (potentially insecure) [-Wformat-security]
RcppExports.cpp:292:18: warning: format string is not a string literal (potentially insecure) [-Wformat-security]
RcppExports.cpp:327:18: warning: format string is not a string literal (potentially insecure) [-Wformat-security]
RcppExports.cpp:362:18: warning: format string is not a string literal (potentially insecure) [-Wformat-security]
RcppExports.cpp:397:18: warning: format string is not a string literal (potentially insecure) [-Wformat-security]
RcppExports.cpp:434:18: warning: format string is not a string literal (potentially insecure) [-Wformat-security]
RcppExports.cpp:470:18: warning: format string is not a string literal (potentially insecure) [-Wformat-security]
See ‘/data/gannet/ripley/R/packages/tests-clang/TauStar.Rcheck/00install.out’ for details.
* used C++ compiler: ‘clang version 17.0.5’
Flavor: r-devel-linux-x86_64-fedora-clang