CRAN Package Check Results for Package TeachingDemos

Last updated on 2018-10-16 22:56:56 CEST.

Flavor Version Tinstall Tcheck Ttotal Status Flags
r-devel-linux-x86_64-debian-clang 2.10 9.81 74.57 84.38 NOTE
r-devel-linux-x86_64-debian-gcc 2.10 8.74 59.06 67.80 NOTE
r-devel-linux-x86_64-fedora-clang 2.10 100.82 NOTE
r-devel-linux-x86_64-fedora-gcc 2.10 99.17 NOTE
r-devel-windows-ix86+x86_64 2.10 22.00 116.00 138.00 OK
r-patched-linux-x86_64 2.10 10.39 74.63 85.02 NOTE
r-patched-solaris-x86 2.10 125.80 NOTE
r-release-linux-x86_64 2.10 10.83 75.38 86.21 NOTE
r-release-windows-ix86+x86_64 2.10 18.00 108.00 126.00 OK
r-release-osx-x86_64 2.10 NOTE
r-oldrel-windows-ix86+x86_64 2.10 11.00 113.00 124.00 OK
r-oldrel-osx-x86_64 2.10 NOTE

Check Details

Version: 2.10
Check: package dependencies
Result: NOTE
    Package suggested but not available for checking: ‘R2wd’
Flavors: r-devel-linux-x86_64-debian-clang, r-devel-linux-x86_64-debian-gcc, r-devel-linux-x86_64-fedora-clang, r-devel-linux-x86_64-fedora-gcc, r-patched-linux-x86_64, r-patched-solaris-x86, r-release-linux-x86_64, r-release-osx-x86_64, r-oldrel-osx-x86_64