CRAN Package Check Results for Package TeachingDemos

Last updated on 2017-09-23 22:46:57.

Flavor Version Tinstall Tcheck Ttotal Status Flags
r-devel-linux-x86_64-debian-clang 2.10 2.18 51.26 53.45 NOTE
r-devel-linux-x86_64-debian-gcc 2.10 2.13 49.48 51.61 NOTE
r-devel-linux-x86_64-fedora-clang 2.10 93.00 NOTE
r-devel-linux-x86_64-fedora-gcc 2.10 91.29 NOTE
r-devel-windows-ix86+x86_64 2.10 6.00 81.00 87.00 OK
r-patched-linux-x86_64 2.10 2.33 49.89 52.22 NOTE
r-patched-solaris-x86 2.10 109.00 NOTE
r-release-linux-x86_64 2.10 2.14 50.15 52.30 NOTE
r-release-windows-ix86+x86_64 2.10 6.00 86.00 92.00 OK
r-release-osx-x86_64 2.10 NOTE
r-oldrel-windows-ix86+x86_64 2.10 6.00 78.00 84.00 OK
r-oldrel-osx-x86_64 2.10 FAIL

Check Details

Version: 2.10
Check: package dependencies
Result: NOTE
    Package suggested but not available for checking: ‘R2wd’
Flavors: r-devel-linux-x86_64-debian-clang, r-devel-linux-x86_64-debian-gcc, r-devel-linux-x86_64-fedora-clang, r-devel-linux-x86_64-fedora-gcc, r-patched-linux-x86_64, r-patched-solaris-x86, r-release-linux-x86_64, r-release-osx-x86_64, r-oldrel-osx-x86_64

Version: 2.10
Check: dependencies in R code
Result: FAIL
    
Flavor: r-oldrel-osx-x86_64