CRAN Package Check Results for Package TeachingDemos

Last updated on 2018-02-24 22:47:51 CET.

Flavor Version Tinstall Tcheck Ttotal Status Flags
r-devel-linux-x86_64-debian-clang 2.10 11.87 79.11 90.98 NOTE
r-devel-linux-x86_64-debian-gcc 2.10 10.04 57.34 67.38 NOTE
r-devel-linux-x86_64-fedora-clang 2.10 104.97 NOTE
r-devel-linux-x86_64-fedora-gcc 2.10 101.38 NOTE
r-devel-windows-ix86+x86_64 2.10 23.00 105.00 128.00 OK
r-patched-linux-x86_64 2.10 2.80 83.38 86.18 NOTE
r-patched-solaris-x86 2.10 108.30 NOTE
r-release-linux-x86_64 2.10 2.54 81.16 83.70 NOTE
r-release-windows-ix86+x86_64 2.10 7.00 121.00 128.00 OK
r-release-osx-x86_64 2.10 NOTE
r-oldrel-windows-ix86+x86_64 2.10 7.00 83.00 90.00 OK
r-oldrel-osx-x86_64 2.10 FAIL

Check Details

Version: 2.10
Check: package dependencies
Result: NOTE
    Package suggested but not available for checking: ‘R2wd’
Flavors: r-devel-linux-x86_64-debian-clang, r-devel-linux-x86_64-debian-gcc, r-devel-linux-x86_64-fedora-clang, r-devel-linux-x86_64-fedora-gcc, r-patched-linux-x86_64, r-patched-solaris-x86, r-release-linux-x86_64, r-release-osx-x86_64, r-oldrel-osx-x86_64

Version: 2.10
Check: dependencies in R code
Result: FAIL
    
Flavor: r-oldrel-osx-x86_64