CRAN Package Check Results for Package TeachingDemos

Last updated on 2019-01-15 22:50:31 CET.

Flavor Version Tinstall Tcheck Ttotal Status Flags
r-devel-linux-x86_64-debian-clang 2.10 9.79 78.10 87.89 NOTE
r-devel-linux-x86_64-debian-gcc 2.10 9.49 59.66 69.15 NOTE
r-devel-linux-x86_64-fedora-clang 2.10 105.97 NOTE
r-devel-linux-x86_64-fedora-gcc 2.10 98.66 NOTE
r-devel-windows-ix86+x86_64 2.10 16.00 78.00 94.00 OK
r-patched-linux-x86_64 2.10 10.40 73.03 83.43 NOTE
r-patched-solaris-x86 2.10 134.40 NOTE
r-release-linux-x86_64 2.10 9.79 72.82 82.61 NOTE
r-release-windows-ix86+x86_64 2.10 22.00 82.00 104.00 OK
r-release-osx-x86_64 2.10 NOTE
r-oldrel-windows-ix86+x86_64 2.10 6.00 91.00 97.00 OK
r-oldrel-osx-x86_64 2.10 NOTE

Check Details

Version: 2.10
Check: package dependencies
Result: NOTE
    Package suggested but not available for checking: ‘R2wd’
Flavors: r-devel-linux-x86_64-debian-clang, r-devel-linux-x86_64-debian-gcc, r-devel-linux-x86_64-fedora-clang, r-devel-linux-x86_64-fedora-gcc, r-patched-linux-x86_64, r-patched-solaris-x86, r-release-linux-x86_64, r-release-osx-x86_64, r-oldrel-osx-x86_64