CRAN Package Check Results for Package TeachingDemos

Last updated on 2017-11-22 22:58:00 CET.

Flavor Version Tinstall Tcheck Ttotal Status Flags
r-devel-linux-x86_64-debian-clang 2.10 2.13 48.55 50.68 NOTE
r-devel-linux-x86_64-debian-gcc 2.10 2.35 104.83 107.19 NOTE
r-devel-linux-x86_64-fedora-clang 2.10 88.22 NOTE
r-devel-linux-x86_64-fedora-gcc 2.10 93.44 NOTE
r-devel-windows-ix86+x86_64 2.10 8.00 78.00 86.00 OK
r-patched-linux-x86_64 2.10 2.50 50.14 52.65 NOTE
r-patched-solaris-x86 2.10 106.70 NOTE
r-release-linux-x86_64 2.10 2.18 51.54 53.73 NOTE
r-release-windows-ix86+x86_64 2.10 8.00 80.00 88.00 OK
r-release-osx-x86_64 2.10 NOTE
r-oldrel-windows-ix86+x86_64 2.10 7.00 80.00 87.00 OK
r-oldrel-osx-x86_64 2.10 FAIL

Check Details

Version: 2.10
Check: package dependencies
Result: NOTE
    Package suggested but not available for checking: ‘R2wd’
Flavors: r-devel-linux-x86_64-debian-clang, r-devel-linux-x86_64-debian-gcc, r-devel-linux-x86_64-fedora-clang, r-devel-linux-x86_64-fedora-gcc, r-patched-linux-x86_64, r-patched-solaris-x86, r-release-linux-x86_64, r-release-osx-x86_64, r-oldrel-osx-x86_64

Version: 2.10
Check: dependencies in R code
Result: FAIL
    
Flavor: r-oldrel-osx-x86_64