CRAN Package Check Results for Package TeachingDemos

Last updated on 2018-08-17 22:53:04 CEST.

Flavor Version Tinstall Tcheck Ttotal Status Flags
r-devel-linux-x86_64-debian-clang 2.10 10.37 74.94 85.31 NOTE
r-devel-linux-x86_64-debian-gcc 2.10 8.09 58.46 66.55 NOTE
r-devel-linux-x86_64-fedora-clang 2.10 100.34 NOTE
r-devel-linux-x86_64-fedora-gcc 2.10 99.15 NOTE
r-devel-windows-ix86+x86_64 2.10 16.00 109.00 125.00 OK
r-patched-linux-x86_64 2.10 9.93 73.68 83.61 NOTE
r-patched-solaris-x86 2.10 132.00 NOTE
r-release-linux-x86_64 2.10 10.49 75.27 85.76 NOTE
r-release-windows-ix86+x86_64 2.10 23.00 111.00 134.00 OK
r-release-osx-x86_64 2.10 NOTE
r-oldrel-windows-ix86+x86_64 2.10 7.00 77.00 84.00 OK
r-oldrel-osx-x86_64 2.10 NOTE

Check Details

Version: 2.10
Check: package dependencies
Result: NOTE
    Package suggested but not available for checking: ‘R2wd’
Flavors: r-devel-linux-x86_64-debian-clang, r-devel-linux-x86_64-debian-gcc, r-devel-linux-x86_64-fedora-clang, r-devel-linux-x86_64-fedora-gcc, r-patched-linux-x86_64, r-patched-solaris-x86, r-release-linux-x86_64, r-release-osx-x86_64, r-oldrel-osx-x86_64