CRAN Package Check Results for Package TestDesign

Last updated on 2021-04-12 22:51:18 CEST.

Flavor Version Tinstall Tcheck Ttotal Status Flags
r-devel-linux-x86_64-debian-clang 1.2.2 95.76 226.78 322.54 NOTE
r-devel-linux-x86_64-debian-gcc 1.2.2 66.77 170.39 237.16 NOTE
r-devel-linux-x86_64-fedora-clang 1.2.2 414.23 NOTE
r-devel-linux-x86_64-fedora-gcc 1.2.2 401.97 NOTE
r-devel-windows-ix86+x86_64 1.2.2 226.00 481.00 707.00 NOTE
r-devel-windows-x86_64-gcc10-UCRT 1.2.2 NOTE
r-patched-linux-x86_64 1.2.2 79.45 217.07 296.52 NOTE
r-patched-solaris-x86 1.2.2 482.60 NOTE
r-release-linux-x86_64 1.2.2 82.70 219.07 301.77 NOTE
r-release-macos-x86_64 1.2.2 NOTE
r-release-windows-ix86+x86_64 1.2.2 155.00 492.00 647.00 NOTE
r-oldrel-macos-x86_64 1.2.2 NOTE
r-oldrel-windows-ix86+x86_64 1.2.2 200.00 341.00 541.00 NOTE

Check Details

Version: 1.2.2
Check: package dependencies
Result: NOTE
    Package suggested but not available for checking: 'gurobi'
Flavors: r-devel-linux-x86_64-debian-clang, r-devel-linux-x86_64-debian-gcc, r-devel-linux-x86_64-fedora-clang, r-devel-linux-x86_64-fedora-gcc, r-devel-windows-ix86+x86_64, r-patched-linux-x86_64, r-release-linux-x86_64, r-release-windows-ix86+x86_64, r-oldrel-windows-ix86+x86_64

Version: 1.2.2
Check: installed package size
Result: NOTE
     installed size is 5.1Mb
     sub-directories of 1Mb or more:
     libs 3.2Mb
Flavors: r-devel-linux-x86_64-fedora-clang, r-release-macos-x86_64, r-oldrel-macos-x86_64

Version: 1.2.2
Check: package dependencies
Result: NOTE
    Packages suggested but not available for checking: 'lpsymphony', 'gurobi'
Flavor: r-devel-windows-x86_64-gcc10-UCRT

Version: 1.2.2
Check: package dependencies
Result: NOTE
    Packages suggested but not available for checking:
     'lpsymphony', 'Rsymphony', 'gurobi'
Flavors: r-patched-solaris-x86, r-release-macos-x86_64

Version: 1.2.2
Check: package dependencies
Result: NOTE
    Packages suggested but not available for checking: 'Rsymphony', 'gurobi'
Flavor: r-oldrel-macos-x86_64