CRAN Package Check Results for Package ThankYouStars

Last updated on 2024-07-23 22:49:53 CEST.

Flavor Version Tinstall Tcheck Ttotal Status Flags
r-devel-linux-x86_64-debian-clang 0.2.0 1.78 25.78 27.56 NOTE
r-devel-linux-x86_64-debian-gcc 0.2.0 1.70 20.25 21.95 NOTE
r-devel-linux-x86_64-fedora-clang 0.2.0 34.94 NOTE
r-devel-linux-x86_64-fedora-gcc 0.2.0 45.89 NOTE
r-devel-windows-x86_64 0.2.0 3.00 43.00 46.00 NOTE
r-patched-linux-x86_64 0.2.0 1.97 24.84 26.81 NOTE
r-release-linux-x86_64 0.2.0 2.21 24.23 26.44 NOTE
r-release-macos-arm64 0.2.0 20.00 NOTE
r-release-macos-x86_64 0.2.0 31.00 NOTE
r-release-windows-x86_64 0.2.0 3.00 41.00 44.00 NOTE
r-oldrel-macos-arm64 0.2.0 25.00 NOTE
r-oldrel-macos-x86_64 0.2.0 30.00 NOTE
r-oldrel-windows-x86_64 0.2.0 4.00 41.00 45.00 NOTE

Check Details

Version: 0.2.0
Check: LazyData
Result: NOTE 'LazyData' is specified without a 'data' directory Flavors: r-devel-linux-x86_64-debian-clang, r-devel-linux-x86_64-debian-gcc, r-devel-linux-x86_64-fedora-clang, r-devel-linux-x86_64-fedora-gcc, r-devel-windows-x86_64, r-patched-linux-x86_64, r-release-linux-x86_64, r-release-macos-arm64, r-release-macos-x86_64, r-release-windows-x86_64, r-oldrel-macos-arm64, r-oldrel-macos-x86_64, r-oldrel-windows-x86_64