Last updated on 2024-04-23 22:55:40 CEST.
Flavor | Version | Tinstall | Tcheck | Ttotal | Status | Flags |
---|---|---|---|---|---|---|
r-devel-linux-x86_64-debian-clang | 0.10.1 | 7.89 | 91.08 | 98.97 | NOTE | |
r-devel-linux-x86_64-debian-gcc | 0.10.1 | 5.74 | 66.95 | 72.69 | NOTE | |
r-devel-linux-x86_64-fedora-clang | 0.10.1 | 121.48 | NOTE | |||
r-devel-linux-x86_64-fedora-gcc | 0.10.1 | 115.90 | NOTE | |||
r-prerel-macos-arm64 | 0.10.1 | 35.00 | NOTE | |||
r-prerel-windows-x86_64 | 0.10.1 | 10.00 | 87.00 | 97.00 | NOTE | |
r-patched-linux-x86_64 | 0.10.1 | 7.15 | 76.54 | 83.69 | NOTE | |
r-release-linux-x86_64 | 0.10.1 | 6.31 | 89.01 | 95.32 | OK | |
r-release-macos-arm64 | 0.10.1 | 41.00 | OK | |||
r-release-macos-x86_64 | 0.10.1 | 62.00 | OK | |||
r-release-windows-x86_64 | 0.10.1 | 10.00 | 99.00 | 109.00 | OK | |
r-oldrel-macos-arm64 | 0.10.1 | 37.00 | OK | |||
r-oldrel-windows-x86_64 | 0.10.1 | 11.00 | 108.00 | 119.00 | OK |
Version: 0.10.1
Check: Rd files
Result: NOTE
checkRd: (-1) TopDom.Rd:21: Lost braces; missing escapes or markup?
21 | Recommended range is in {5, ..., 20}.}
| ^
Flavors: r-devel-linux-x86_64-debian-clang, r-devel-linux-x86_64-debian-gcc, r-devel-linux-x86_64-fedora-clang, r-devel-linux-x86_64-fedora-gcc, r-prerel-macos-arm64, r-prerel-windows-x86_64, r-patched-linux-x86_64