Last updated on 2024-05-03 22:53:27 CEST.
Flavor | Version | Tinstall | Tcheck | Ttotal | Status | Flags |
---|---|---|---|---|---|---|
r-devel-linux-x86_64-debian-clang | 1.0 | 12.13 | 105.33 | 117.46 | NOTE | |
r-devel-linux-x86_64-fedora-clang | 1.0 | 147.52 | NOTE | |||
r-devel-linux-x86_64-fedora-gcc | 1.0 | 153.18 | NOTE | |||
r-devel-windows-x86_64 | 1.0 | 10.00 | 91.00 | 101.00 | NOTE | |
r-patched-linux-x86_64 | 1.0 | 7.19 | 99.58 | 106.77 | NOTE | |
r-release-linux-x86_64 | 1.0 | 7.75 | 99.80 | 107.55 | NOTE | |
r-release-macos-arm64 | 1.0 | 50.00 | NOTE | |||
r-release-windows-x86_64 | 1.0 | 12.00 | 92.00 | 104.00 | NOTE | |
r-oldrel-macos-arm64 | 1.0 | 44.00 | NOTE | |||
r-oldrel-macos-x86_64 | 1.0 | 119.00 | NOTE | |||
r-oldrel-windows-x86_64 | 1.0 | 14.00 | 108.00 | 122.00 | NOTE |
Version: 1.0
Check: package dependencies
Result: NOTE
Package suggested but not available for checking: ‘gurobi’
Flavors: r-devel-linux-x86_64-debian-clang, r-devel-linux-x86_64-fedora-clang, r-devel-linux-x86_64-fedora-gcc, r-devel-windows-x86_64, r-patched-linux-x86_64, r-release-linux-x86_64, r-release-macos-arm64, r-release-windows-x86_64, r-oldrel-macos-arm64, r-oldrel-macos-x86_64, r-oldrel-windows-x86_64