Last updated on 2024-04-19 22:56:06 CEST.
Flavor | Version | Tinstall | Tcheck | Ttotal | Status | Flags |
---|---|---|---|---|---|---|
r-devel-linux-x86_64-debian-clang | 1.4.5 | 36.95 | 134.97 | 171.92 | NOTE | |
r-devel-linux-x86_64-debian-gcc | 1.4.5 | NOTE | ||||
r-devel-linux-x86_64-fedora-clang | 1.4.5 | 219.52 | NOTE | |||
r-devel-linux-x86_64-fedora-gcc | 1.4.5 | 226.59 | NOTE | |||
r-prerel-macos-arm64 | 1.4.5 | 70.00 | NOTE | |||
r-prerel-windows-x86_64 | 1.4.5 | 31.00 | 141.00 | 172.00 | NOTE | |
r-patched-linux-x86_64 | 1.4.5 | 36.88 | 130.32 | 167.20 | NOTE | |
r-release-linux-x86_64 | 1.4.5 | 35.38 | 131.81 | 167.19 | NOTE | |
r-release-macos-arm64 | 1.4.5 | 90.00 | NOTE | |||
r-release-macos-x86_64 | 1.4.5 | 149.00 | NOTE | |||
r-release-windows-x86_64 | 1.4.5 | 36.00 | 187.00 | 223.00 | NOTE | |
r-oldrel-macos-arm64 | 1.4.5 | 54.00 | OK | |||
r-oldrel-windows-x86_64 | 1.4.5 | 36.00 | 218.00 | 254.00 | OK |
Version: 1.4.5
Check: C++ specification
Result: NOTE
Specified C++11: please drop specification unless essential
Flavors: r-devel-linux-x86_64-debian-clang, r-devel-linux-x86_64-debian-gcc, r-devel-linux-x86_64-fedora-clang, r-devel-linux-x86_64-fedora-gcc, r-prerel-macos-arm64, r-prerel-windows-x86_64, r-patched-linux-x86_64, r-release-linux-x86_64, r-release-macos-arm64, r-release-macos-x86_64, r-release-windows-x86_64