CRAN Package Check Results for Package TriadSim

Last updated on 2024-02-24 21:40:36 CET.

Flavor Version Tinstall Tcheck Ttotal Status Flags
r-devel-linux-x86_64-debian-clang 0.3.0 3.59 54.85 58.44 NOTE
r-devel-linux-x86_64-debian-gcc 0.3.0 2.43 43.65 46.08 NOTE
r-devel-linux-x86_64-fedora-clang 0.3.0 71.86 NOTE
r-devel-linux-x86_64-fedora-gcc 0.3.0 83.19 NOTE
r-devel-windows-x86_64 0.3.0 4.00 119.00 123.00 NOTE
r-patched-linux-x86_64 0.3.0 3.33 54.88 58.21 NOTE
r-release-linux-x86_64 0.3.0 2.43 53.56 55.99 NOTE
r-release-macos-arm64 0.3.0 6.00 ERROR
r-release-macos-x86_64 0.3.0 125.00 NOTE
r-release-windows-x86_64 0.3.0 5.00 153.00 158.00 NOTE
r-oldrel-macos-arm64 0.3.0 47.00 OK
r-oldrel-windows-x86_64 0.3.0 5.00 143.00 148.00 OK

Check Details

Version: 0.3.0
Check: package subdirectories
Result: NOTE Problems with news in ‘NEWS.md’: No news entries found. Flavors: r-devel-linux-x86_64-debian-clang, r-devel-linux-x86_64-debian-gcc, r-devel-linux-x86_64-fedora-clang, r-devel-linux-x86_64-fedora-gcc, r-devel-windows-x86_64, r-patched-linux-x86_64, r-release-linux-x86_64, r-release-macos-x86_64, r-release-windows-x86_64

Version: 0.3.0
Check: package dependencies
Result: ERROR Package required but not available: ‘snpStats’ See section ‘The DESCRIPTION file’ in the ‘Writing R Extensions’ manual. Flavor: r-release-macos-arm64