Last updated on 2023-10-01 23:04:01 CEST.
Flavor | Version | Tinstall | Tcheck | Ttotal | Status | Flags |
---|---|---|---|---|---|---|
r-devel-linux-x86_64-debian-clang | 2.2.2 | 55.41 | 205.94 | 261.35 | NOTE | |
r-devel-linux-x86_64-debian-gcc | 2.2.2 | 35.53 | 145.85 | 181.38 | NOTE | |
r-devel-linux-x86_64-fedora-clang | 2.2.2 | 315.51 | NOTE | |||
r-devel-linux-x86_64-fedora-gcc | 2.2.2 | 360.24 | NOTE | |||
r-devel-windows-x86_64 | 2.2.2 | 39.00 | 231.00 | 270.00 | NOTE | |
r-patched-linux-x86_64 | 2.2.2 | 47.43 | 195.93 | 243.36 | NOTE | |
r-release-linux-x86_64 | 2.2.2 | 52.21 | 194.29 | 246.50 | NOTE | |
r-release-macos-arm64 | 2.2.2 | 161.00 | NOTE | |||
r-release-macos-x86_64 | 2.2.2 | 256.00 | NOTE | |||
r-release-windows-x86_64 | 2.2.2 | 51.00 | 251.00 | 302.00 | NOTE | |
r-oldrel-macos-arm64 | 2.2.2 | 152.00 | OK | |||
r-oldrel-macos-x86_64 | 2.2.2 | 190.00 | OK | |||
r-oldrel-windows-x86_64 | 2.2.2 | 51.00 | 243.00 | 294.00 | OK |
Version: 2.2.2
Check: C++ specification
Result: NOTE
Specified C++11: please drop specification unless essential
Flavors: r-devel-linux-x86_64-debian-clang, r-devel-linux-x86_64-debian-gcc, r-devel-linux-x86_64-fedora-clang, r-devel-linux-x86_64-fedora-gcc, r-devel-windows-x86_64, r-patched-linux-x86_64, r-release-linux-x86_64, r-release-macos-arm64, r-release-macos-x86_64, r-release-windows-x86_64
Version: 2.2.2
Check: package subdirectories
Result: NOTE
Problems with news in ‘NEWS.md’:
Cannot extract version info from the following section titles:
Changes
Flavors: r-devel-linux-x86_64-debian-clang, r-devel-linux-x86_64-debian-gcc, r-devel-linux-x86_64-fedora-clang, r-devel-linux-x86_64-fedora-gcc, r-devel-windows-x86_64, r-patched-linux-x86_64, r-release-linux-x86_64, r-release-macos-arm64, r-release-macos-x86_64, r-release-windows-x86_64