CRAN Package Check Results for Package TukeyC

Last updated on 2017-12-13 21:51:16 CET.

Flavor Version Tinstall Tcheck Ttotal Status Flags
r-devel-linux-x86_64-debian-clang 1.1-5 0.72 32.54 33.26 NOTE
r-devel-linux-x86_64-debian-gcc 1.1-5 0.68 26.43 27.11 NOTE
r-devel-linux-x86_64-fedora-clang 1.1-5 38.65 NOTE
r-devel-linux-x86_64-fedora-gcc 1.1-5 39.19 NOTE
r-devel-windows-ix86+x86_64 1.1-5 7.00 61.00 68.00 NOTE
r-patched-linux-x86_64 1.1-5 1.04 32.48 33.52 NOTE
r-patched-solaris-x86 1.1-5 48.80 NOTE
r-release-linux-x86_64 1.1-5 0.91 32.06 32.97 NOTE
r-release-windows-ix86+x86_64 1.1-5 4.00 47.00 51.00 NOTE
r-release-osx-x86_64 1.1-5 NOTE
r-oldrel-windows-ix86+x86_64 1.1-5 3.00 45.00 48.00 NOTE
r-oldrel-osx-x86_64 1.1-5 NOTE

Check Details

Version: 1.1-5
Check: DESCRIPTION meta-information
Result: NOTE
    Malformed Description field: should contain one or more complete sentences.
Flavors: r-devel-linux-x86_64-debian-clang, r-devel-linux-x86_64-debian-gcc, r-devel-linux-x86_64-fedora-clang, r-devel-linux-x86_64-fedora-gcc, r-devel-windows-ix86+x86_64, r-patched-linux-x86_64, r-patched-solaris-x86, r-release-linux-x86_64, r-release-windows-ix86+x86_64, r-release-osx-x86_64, r-oldrel-windows-ix86+x86_64, r-oldrel-osx-x86_64

Version: 1.1-5
Check: S3 generic/method consistency
Result: NOTE
    Found the following apparent S3 methods exported but not registered:
     TukeyC.aov TukeyC.aovlist TukeyC.default TukeyC.nest TukeyC.nest.aov
     TukeyC.nest.aov TukeyC.nest.aovlist TukeyC.nest.aovlist
     TukeyC.nest.default TukeyC.nest.default plot.TukeyC summary.TukeyC
    See section ‘Registering S3 methods’ in the ‘Writing R Extensions’
    manual.
Flavors: r-devel-linux-x86_64-debian-clang, r-devel-linux-x86_64-debian-gcc, r-devel-linux-x86_64-fedora-clang, r-devel-linux-x86_64-fedora-gcc, r-patched-linux-x86_64, r-patched-solaris-x86, r-release-linux-x86_64

Version: 1.1-5
Check: R code for possible problems
Result: NOTE
    TukeyC.aov: no visible global function definition for ‘model.tables’
    TukeyC.aov: no visible global function definition for ‘resid’
    TukeyC.aovlist: no visible global function definition for
     ‘model.tables’
    TukeyC.aovlist: no visible global function definition for ‘resid’
    TukeyC.default: no visible global function definition for ‘formula’
    TukeyC.nest.aov: no visible global function definition for
     ‘model.tables’
    TukeyC.nest.aov: no visible global function definition for ‘deviance’
    TukeyC.nest.aov: no visible global function definition for
     ‘df.residual’
    TukeyC.nest.aovlist: no visible global function definition for
     ‘model.tables’
    TukeyC.nest.aovlist: no visible global function definition for ‘resid’
    TukeyC.nest.aovlist: no visible global function definition for
     ‘model.frame’
    TukeyC.nest.default: no visible global function definition for
     ‘formula’
    m.inf.1a: no visible global function definition for ‘aggregate’
    m.inf.1a : <anonymous>: no visible global function definition for ‘sd’
    m.inf.1b: no visible global function definition for ‘aggregate’
    m.inf.1b: no visible global function definition for ‘model.frame’
    m.inf.1b : <anonymous>: no visible global function definition for ‘sd’
    m.inf.2a: no visible global function definition for ‘aggregate’
    m.inf.2a : <anonymous>: no visible global function definition for ‘sd’
    m.inf.2b: no visible global function definition for ‘aggregate’
    m.inf.2b: no visible global function definition for ‘model.frame’
    m.inf.2b : <anonymous>: no visible global function definition for ‘sd’
    m.inf.3a: no visible global function definition for ‘aggregate’
    m.inf.3a : <anonymous>: no visible global function definition for ‘sd’
    m.inf.3b: no visible global function definition for ‘aggregate’
    m.inf.3b: no visible global function definition for ‘model.frame’
    m.inf.3b : <anonymous>: no visible global function definition for ‘sd’
    make.TukeyC.test: no visible global function definition for ‘qtukey’
    make.TukeyC.test: no visible global function definition for ‘ptukey’
    plot.TukeyC: no visible global function definition for ‘par’
    plot.TukeyC: no visible global function definition for ‘plot’
    plot.TukeyC: no visible global function definition for ‘segments’
    plot.TukeyC: no visible global function definition for ‘axis’
    plot.TukeyC: no visible global function definition for ‘text’
    plot.TukeyC: no visible global function definition for ‘mtext’
    Undefined global functions or variables:
     aggregate axis deviance df.residual formula model.frame model.tables
     mtext par plot ptukey qtukey resid sd segments text
    Consider adding
     importFrom("graphics", "axis", "mtext", "par", "plot", "segments",
     "text")
     importFrom("stats", "aggregate", "deviance", "df.residual", "formula",
     "model.frame", "model.tables", "ptukey", "qtukey", "resid",
     "sd")
    to your NAMESPACE file.
Flavors: r-devel-linux-x86_64-debian-clang, r-devel-linux-x86_64-debian-gcc, r-devel-linux-x86_64-fedora-clang, r-devel-linux-x86_64-fedora-gcc, r-devel-windows-ix86+x86_64, r-patched-linux-x86_64, r-patched-solaris-x86, r-release-linux-x86_64, r-release-windows-ix86+x86_64, r-release-osx-x86_64, r-oldrel-windows-ix86+x86_64, r-oldrel-osx-x86_64