Last updated on 2024-03-28 23:02:01 CET.
Flavor | Version | Tinstall | Tcheck | Ttotal | Status | Flags |
---|---|---|---|---|---|---|
r-devel-linux-x86_64-debian-clang | 0.1.6.3 | 116.69 | 69.37 | 186.06 | OK | |
r-devel-linux-x86_64-debian-gcc | 0.1.6.3 | 102.19 | 53.06 | 155.25 | OK | |
r-devel-linux-x86_64-fedora-clang | 0.1.6.3 | 268.72 | OK | |||
r-devel-linux-x86_64-fedora-gcc | 0.1.6.3 | 273.67 | OK | |||
r-devel-windows-x86_64 | 0.1.6.3 | 102.00 | 91.00 | 193.00 | OK | |
r-patched-linux-x86_64 | 0.1.6.3 | 131.55 | 65.83 | 197.38 | OK | |
r-release-linux-x86_64 | 0.1.6.3 | 100.26 | 68.16 | 168.42 | OK | |
r-release-macos-arm64 | 0.1.6.3 | 77.00 | NOTE | |||
r-release-macos-x86_64 | 0.1.6.3 | 69.00 | NOTE | |||
r-release-windows-x86_64 | 0.1.6.3 | 124.00 | 132.00 | 256.00 | OK | |
r-oldrel-macos-arm64 | 0.1.6.3 | 71.00 | NOTE | |||
r-oldrel-windows-x86_64 | 0.1.6.3 | 114.00 | 131.00 | 245.00 | OK |
Version: 0.1.6.3
Check: installed package size
Result: NOTE
installed size is 5.8Mb
sub-directories of 1Mb or more:
libs 5.7Mb
Flavors: r-release-macos-arm64, r-release-macos-x86_64, r-oldrel-macos-arm64