Last updated on 2023-09-28 23:09:02 CEST.
Flavor | Version | Tinstall | Tcheck | Ttotal | Status | Flags |
---|---|---|---|---|---|---|
r-devel-linux-x86_64-debian-clang | 0.1.0 | 13.11 | 120.64 | 133.75 | OK | |
r-devel-linux-x86_64-debian-gcc | 0.1.0 | 11.78 | 87.58 | 99.36 | OK | |
r-devel-linux-x86_64-fedora-clang | 0.1.0 | 162.26 | NOTE | |||
r-devel-linux-x86_64-fedora-gcc | 0.1.0 | 181.05 | NOTE | |||
r-devel-windows-x86_64 | 0.1.0 | 13.00 | 96.00 | 109.00 | OK | |
r-patched-linux-x86_64 | 0.1.0 | 13.27 | 112.05 | 125.32 | OK | |
r-release-linux-x86_64 | 0.1.0 | 12.26 | 112.93 | 125.19 | OK | |
r-release-macos-arm64 | 0.1.0 | 54.00 | OK | |||
r-release-macos-x86_64 | 0.1.0 | 88.00 | OK | |||
r-release-windows-x86_64 | 0.1.0 | 16.00 | 118.00 | 134.00 | OK | |
r-oldrel-macos-arm64 | 0.1.0 | 43.00 | NOTE | |||
r-oldrel-macos-x86_64 | 0.1.0 | 82.00 | NOTE | |||
r-oldrel-windows-x86_64 | 0.1.0 | 16.00 | 119.00 | 135.00 | OK |
Version: 0.1.0
Check: data for non-ASCII characters
Result: NOTE
Note: found 34 marked Latin-1 strings
Flavors: r-devel-linux-x86_64-fedora-clang, r-devel-linux-x86_64-fedora-gcc, r-oldrel-macos-arm64, r-oldrel-macos-x86_64