Last updated on 2024-04-17 23:00:14 CEST.
Flavor | Version | Tinstall | Tcheck | Ttotal | Status | Flags |
---|---|---|---|---|---|---|
r-devel-linux-x86_64-debian-clang | 0.1.0 | 12.47 | 113.32 | 125.79 | OK | |
r-devel-linux-x86_64-debian-gcc | 0.1.0 | 10.87 | 86.13 | 97.00 | OK | |
r-devel-linux-x86_64-fedora-clang | 0.1.0 | 163.81 | NOTE | |||
r-devel-linux-x86_64-fedora-gcc | 0.1.0 | 176.09 | NOTE | |||
r-prerel-macos-arm64 | 0.1.0 | 48.00 | OK | |||
r-prerel-windows-x86_64 | 0.1.0 | 11.00 | 99.00 | 110.00 | OK | |
r-patched-linux-x86_64 | 0.1.0 | 11.60 | 107.35 | 118.95 | OK | |
r-release-linux-x86_64 | 0.1.0 | 12.03 | 108.87 | 120.90 | OK | |
r-release-macos-arm64 | 0.1.0 | 54.00 | OK | |||
r-release-macos-x86_64 | 0.1.0 | 88.00 | OK | |||
r-release-windows-x86_64 | 0.1.0 | 16.00 | 135.00 | 151.00 | OK | |
r-oldrel-macos-arm64 | 0.1.0 | 43.00 | NOTE | |||
r-oldrel-windows-x86_64 | 0.1.0 | 15.00 | 119.00 | 134.00 | OK |
Version: 0.1.0
Check: data for non-ASCII characters
Result: NOTE
Note: found 34 marked Latin-1 strings
Flavors: r-devel-linux-x86_64-fedora-clang, r-devel-linux-x86_64-fedora-gcc, r-oldrel-macos-arm64