Last updated on 2023-10-02 22:08:14 CEST.
Flavor | Version | Tinstall | Tcheck | Ttotal | Status | Flags |
---|---|---|---|---|---|---|
r-devel-linux-x86_64-debian-clang | 0.2 | 11.78 | 109.57 | 121.35 | NOTE | |
r-devel-linux-x86_64-debian-gcc | 0.2 | 10.01 | 80.08 | 90.09 | NOTE | |
r-devel-linux-x86_64-fedora-clang | 0.2 | 142.51 | NOTE | |||
r-devel-linux-x86_64-fedora-gcc | 0.2 | 142.25 | NOTE | |||
r-devel-windows-x86_64 | 0.2 | 12.00 | 92.00 | 104.00 | NOTE | |
r-patched-linux-x86_64 | 0.2 | 13.05 | 100.97 | 114.02 | NOTE | |
r-release-linux-x86_64 | 0.2 | 12.34 | 101.85 | 114.19 | NOTE | |
r-release-macos-arm64 | 0.2 | 45.00 | NOTE | |||
r-release-macos-x86_64 | 0.2 | 69.00 | NOTE | |||
r-release-windows-x86_64 | 0.2 | 15.00 | 109.00 | 124.00 | NOTE | |
r-oldrel-macos-arm64 | 0.2 | 39.00 | NOTE | |||
r-oldrel-macos-x86_64 | 0.2 | 77.00 | NOTE | |||
r-oldrel-windows-x86_64 | 0.2 | 16.00 | 114.00 | 130.00 | NOTE |
Version: 0.2
Check: LazyData
Result: NOTE
'LazyData' is specified without a 'data' directory
Flavors: r-devel-linux-x86_64-debian-clang, r-devel-linux-x86_64-debian-gcc, r-devel-linux-x86_64-fedora-clang, r-devel-linux-x86_64-fedora-gcc, r-devel-windows-x86_64, r-patched-linux-x86_64, r-release-linux-x86_64, r-release-macos-arm64, r-release-macos-x86_64, r-release-windows-x86_64, r-oldrel-macos-arm64, r-oldrel-macos-x86_64, r-oldrel-windows-x86_64