CRAN Package Check Results for Package UCSCXenaShiny

Last updated on 2021-04-15 22:51:27 CEST.

Flavor Version Tinstall Tcheck Ttotal Status Flags
r-devel-linux-x86_64-debian-clang 0.5.0 7.34 58.92 66.26 OK
r-devel-linux-x86_64-debian-gcc 0.5.0 5.93 44.73 50.66 OK
r-devel-linux-x86_64-fedora-clang 0.5.0 91.89 NOTE
r-devel-linux-x86_64-fedora-gcc 0.5.0 80.56 NOTE
r-devel-windows-ix86+x86_64 0.5.0 19.00 88.00 107.00 OK
r-devel-windows-x86_64-gcc10-UCRT 0.5.0 NOTE
r-patched-linux-x86_64 0.5.0 7.17 55.32 62.49 OK
r-patched-solaris-x86 0.5.0 132.10 NOTE
r-release-linux-x86_64 0.5.0 7.49 55.47 62.96 OK
r-release-macos-x86_64 0.5.0 NOTE
r-release-windows-ix86+x86_64 0.5.0 22.00 89.00 111.00 OK
r-oldrel-macos-x86_64 0.5.0 NOTE
r-oldrel-windows-ix86+x86_64 0.5.0 11.00 57.00 68.00 OK

Check Details

Version: 0.5.0
Check: dependencies in R code
Result: NOTE
    Namespaces in Imports field not imported from:
     ‘DT’ ‘RColorBrewer’ ‘plotly’ ‘shinyBS’ ‘shinyWidgets’ ‘shinyjs’
     ‘shinythemes’ ‘zip’
     All declared Imports should be used.
Flavors: r-devel-linux-x86_64-fedora-clang, r-devel-linux-x86_64-fedora-gcc, r-devel-windows-x86_64-gcc10-UCRT, r-patched-solaris-x86, r-release-macos-x86_64, r-oldrel-macos-x86_64

Version: 0.5.0
Check: data for non-ASCII characters
Result: NOTE
     Note: found 162 marked UTF-8 strings
Flavors: r-devel-linux-x86_64-fedora-clang, r-devel-linux-x86_64-fedora-gcc, r-devel-windows-x86_64-gcc10-UCRT, r-patched-solaris-x86, r-release-macos-x86_64, r-oldrel-macos-x86_64