Last updated on 2023-12-02 21:40:14 CET.
Flavor | Version | Tinstall | Tcheck | Ttotal | Status | Flags |
---|---|---|---|---|---|---|
r-devel-linux-x86_64-debian-clang | 0.0-3 | 67.61 | 77.60 | 145.21 | NOTE | |
r-devel-linux-x86_64-debian-gcc | 0.0-3 | 41.93 | 60.66 | 102.59 | NOTE | |
r-devel-linux-x86_64-fedora-clang | 0.0-3 | 192.89 | NOTE | |||
r-devel-linux-x86_64-fedora-gcc | 0.0-3 | 184.26 | NOTE | |||
r-devel-windows-x86_64 | 0.0-3 | 44.00 | 93.00 | 137.00 | NOTE | |
r-patched-linux-x86_64 | 0.0-3 | 45.31 | 77.66 | 122.97 | NOTE | |
r-release-linux-x86_64 | 0.0-3 | 46.93 | 76.52 | 123.45 | NOTE | |
r-release-macos-arm64 | 0.0-3 | 59.00 | NOTE | |||
r-release-macos-x86_64 | 0.0-3 | 87.00 | NOTE | |||
r-release-windows-x86_64 | 0.0-3 | 56.00 | 115.00 | 171.00 | NOTE | |
r-oldrel-macos-arm64 | 0.0-3 | 52.00 | NOTE | |||
r-oldrel-macos-x86_64 | 0.0-3 | 65.00 | NOTE | |||
r-oldrel-windows-x86_64 | 0.0-3 | 54.00 | 112.00 | 166.00 | OK |
Version: 0.0-3
Check: C++ specification
Result: NOTE
Specified C++11: please drop specification unless essential
Flavors: r-devel-linux-x86_64-debian-clang, r-devel-linux-x86_64-debian-gcc, r-devel-linux-x86_64-fedora-clang, r-devel-linux-x86_64-fedora-gcc, r-devel-windows-x86_64, r-patched-linux-x86_64, r-release-linux-x86_64, r-release-macos-arm64, r-release-macos-x86_64, r-release-windows-x86_64
Version: 0.0-3
Check: installed package size
Result: NOTE
installed size is 5.3Mb
sub-directories of 1Mb or more:
libs 5.1Mb
Flavors: r-release-macos-arm64, r-oldrel-macos-arm64, r-oldrel-macos-x86_64