CRAN Package Check Results for Package V8

Last updated on 2019-11-18 22:47:27 CET.

Flavor Version Tinstall Tcheck Ttotal Status Flags
r-devel-linux-x86_64-debian-clang 2.3 22.77 53.29 76.06 WARN
r-devel-linux-x86_64-debian-gcc 2.3 14.50 42.24 56.74 WARN
r-devel-linux-x86_64-fedora-clang 2.3 71.43 WARN
r-devel-linux-x86_64-fedora-gcc 2.3 78.81 WARN
r-devel-windows-ix86+x86_64 2.3 176.00 218.00 394.00 NOTE
r-patched-linux-x86_64 2.3 17.66 51.11 68.77 OK
r-patched-solaris-x86 2.3 85.00 OK
r-release-linux-x86_64 2.3 16.59 51.42 68.01 OK
r-release-windows-ix86+x86_64 2.3 155.00 223.00 378.00 NOTE
r-release-osx-x86_64 2.3 NOTE
r-oldrel-windows-ix86+x86_64 2.3 173.00 166.00 339.00 NOTE
r-oldrel-osx-x86_64 2.3 NOTE

Check Details

Version: 2.3
Check: whether package can be installed
Result: WARN
    Found the following significant warnings:
     'config' variable 'CXXCPP' is deprecated
Flavors: r-devel-linux-x86_64-debian-clang, r-devel-linux-x86_64-debian-gcc, r-devel-linux-x86_64-fedora-clang, r-devel-linux-x86_64-fedora-gcc

Version: 2.3
Check: installed package size
Result: NOTE
     installed size is 24.0Mb
     sub-directories of 1Mb or more:
     libs 23.2Mb
Flavors: r-devel-windows-ix86+x86_64, r-release-windows-ix86+x86_64, r-release-osx-x86_64, r-oldrel-windows-ix86+x86_64, r-oldrel-osx-x86_64