CRAN Package Check Results for Package VARMER

Last updated on 2022-12-09 22:56:06 CET.

Flavor Version Tinstall Tcheck Ttotal Status Flags
r-devel-linux-x86_64-debian-clang 1.0.0 32.16 336.73 368.89 NOTE
r-devel-linux-x86_64-debian-gcc 1.0.0 26.06 246.05 272.11 NOTE
r-devel-linux-x86_64-fedora-clang 1.0.0 464.90 NOTE
r-devel-linux-x86_64-fedora-gcc 1.0.0 461.47 NOTE
r-devel-windows-x86_64 1.0.0 43.00 344.00 387.00 NOTE
r-patched-linux-x86_64 1.0.0 28.62 323.73 352.35 OK
r-release-linux-x86_64 1.0.0 21.49 312.68 334.17 OK
r-release-macos-arm64 1.0.0 70.00 OK
r-release-macos-x86_64 1.0.0 159.00 OK
r-release-windows-x86_64 1.0.0 37.00 344.00 381.00 OK
r-oldrel-macos-arm64 1.0.0 56.00 OK
r-oldrel-macos-x86_64 1.0.0 92.00 OK
r-oldrel-windows-ix86+x86_64 1.0.0 68.00 350.00 418.00 OK

Check Details

Version: 1.0.0
Check: package subdirectories
Result: NOTE
    Problems with news in 'NEWS.md':
    No news entries found.
Flavors: r-devel-linux-x86_64-debian-clang, r-devel-linux-x86_64-debian-gcc, r-devel-linux-x86_64-fedora-clang, r-devel-linux-x86_64-fedora-gcc, r-devel-windows-x86_64