CRAN Package Check Results for Package VARSEDIG

Last updated on 2020-07-11 22:50:20 CEST.

Flavor Version Tinstall Tcheck Ttotal Status Flags
r-devel-linux-x86_64-debian-clang 1.9 5.31 40.49 45.80 NOTE
r-devel-linux-x86_64-debian-gcc 1.9 4.83 31.61 36.44 NOTE
r-devel-linux-x86_64-fedora-gcc 1.9 53.79 NOTE
r-devel-windows-ix86+x86_64 1.9 11.00 70.00 81.00 OK
r-patched-linux-x86_64 1.9 5.29 41.05 46.34 NOTE
r-patched-solaris-x86 1.9 76.50 NOTE
r-release-linux-x86_64 1.9 4.77 40.51 45.28 NOTE
r-release-macos-x86_64 1.9 OK
r-release-windows-ix86+x86_64 1.9 12.00 73.00 85.00 OK
r-oldrel-macos-x86_64 1.9 OK
r-oldrel-windows-ix86+x86_64 1.9 11.00 55.00 66.00 OK

Check Details

Version: 1.9
Check: for non-standard things in the check directory
Result: NOTE
    Found the following files/directories:
     'Output.txt' 'Overlap.csv' 'Polar coordinates.csv'
Flavors: r-devel-linux-x86_64-debian-clang, r-devel-linux-x86_64-debian-gcc, r-devel-linux-x86_64-fedora-gcc, r-patched-linux-x86_64, r-patched-solaris-x86, r-release-linux-x86_64