CRAN Package Check Results for Package VARSEDIG

Last updated on 2019-08-17 22:46:41 CEST.

Flavor Version Tinstall Tcheck Ttotal Status Flags
r-devel-linux-x86_64-debian-clang 1.9 4.47 37.22 41.69 NOTE
r-devel-linux-x86_64-debian-gcc 1.9 3.61 28.97 32.58 NOTE
r-devel-linux-x86_64-fedora-clang 1.9 52.05 NOTE
r-devel-linux-x86_64-fedora-gcc 1.9 48.65 NOTE
r-devel-windows-ix86+x86_64 1.9 11.00 64.00 75.00 OK
r-patched-linux-x86_64 1.9 4.22 37.63 41.85 OK
r-patched-solaris-x86 1.9 74.40 OK
r-release-linux-x86_64 1.9 4.76 37.38 42.14 OK
r-release-windows-ix86+x86_64 1.9 17.00 67.00 84.00 OK
r-release-osx-x86_64 1.9 OK
r-oldrel-windows-ix86+x86_64 1.9 9.00 63.00 72.00 OK
r-oldrel-osx-x86_64 1.9 OK

Check Details

Version: 1.9
Check: for non-standard things in the check directory
Result: NOTE
    Found the following files/directories:
     'Output.txt' 'Overlap.csv' 'Polar coordinates.csv'
Flavors: r-devel-linux-x86_64-debian-clang, r-devel-linux-x86_64-debian-gcc, r-devel-linux-x86_64-fedora-clang, r-devel-linux-x86_64-fedora-gcc