CRAN Package Check Results for Package VARSEDIG

Last updated on 2019-06-15 22:59:02 CEST.

Flavor Version Tinstall Tcheck Ttotal Status Flags
r-devel-linux-x86_64-debian-clang 1.9 4.68 36.82 41.50 NOTE
r-devel-linux-x86_64-debian-gcc 1.9 3.62 29.06 32.68 NOTE
r-devel-linux-x86_64-fedora-clang 1.9 47.83 NOTE
r-devel-linux-x86_64-fedora-gcc 1.9 47.17 NOTE
r-devel-windows-ix86+x86_64 1.9 10.00 51.00 61.00 OK
r-patched-linux-x86_64 1.9 3.77 36.96 40.73 OK
r-patched-solaris-x86 1.9 71.20 OK
r-release-linux-x86_64 1.9 4.61 37.28 41.89 OK
r-release-windows-ix86+x86_64 1.9 8.00 65.00 73.00 OK
r-release-osx-x86_64 1.9 OK
r-oldrel-windows-ix86+x86_64 1.9 5.00 68.00 73.00 OK
r-oldrel-osx-x86_64 1.9 OK

Check Details

Version: 1.9
Check: for non-standard things in the check directory
Result: NOTE
    Found the following files/directories:
     'Output.txt' 'Overlap.csv' 'Polar coordinates.csv'
Flavors: r-devel-linux-x86_64-debian-clang, r-devel-linux-x86_64-debian-gcc, r-devel-linux-x86_64-fedora-clang, r-devel-linux-x86_64-fedora-gcc