Last updated on 2024-04-19 22:56:07 CEST.
Flavor | Version | Tinstall | Tcheck | Ttotal | Status | Flags |
---|---|---|---|---|---|---|
r-devel-linux-x86_64-debian-clang | 1.4 | 151.70 | 96.45 | 248.15 | OK | |
r-devel-linux-x86_64-debian-gcc | 1.4 | OK | ||||
r-devel-linux-x86_64-fedora-clang | 1.4 | 363.86 | OK | |||
r-devel-linux-x86_64-fedora-gcc | 1.4 | 348.27 | OK | |||
r-prerel-macos-arm64 | 1.4 | 69.00 | NOTE | |||
r-prerel-windows-x86_64 | 1.4 | 116.00 | 243.00 | 359.00 | OK | |
r-patched-linux-x86_64 | 1.4 | 149.82 | 94.29 | 244.11 | OK | |
r-release-linux-x86_64 | 1.4 | 142.04 | 99.10 | 241.14 | OK | |
r-release-macos-arm64 | 1.4 | 85.00 | NOTE | |||
r-release-macos-x86_64 | 1.4 | 98.00 | NOTE | |||
r-release-windows-x86_64 | 1.4 | 145.00 | 139.00 | 284.00 | OK | |
r-oldrel-macos-arm64 | 1.4 | 76.00 | NOTE | |||
r-oldrel-windows-x86_64 | 1.4 | 139.00 | 136.00 | 275.00 | OK |
Version: 1.4
Check: installed package size
Result: NOTE
installed size is 5.0Mb
sub-directories of 1Mb or more:
libs 4.3Mb
Flavors: r-prerel-macos-arm64, r-release-macos-arm64, r-release-macos-x86_64, r-oldrel-macos-arm64