CRAN Package Check Results for Package VGAM

Last updated on 2018-01-15 22:47:56 CET.

Flavor Version Tinstall Tcheck Ttotal Status Flags
r-devel-linux-x86_64-debian-clang 1.0-4 27.90 393.07 420.97 OK
r-devel-linux-x86_64-debian-gcc 1.0-4 22.83 331.17 354.00 OK
r-devel-linux-x86_64-fedora-clang 1.0-4 511.90 NOTE
r-devel-linux-x86_64-fedora-gcc 1.0-4 507.15 NOTE
r-devel-windows-ix86+x86_64 1.0-4 88.00 466.00 554.00 NOTE
r-patched-linux-x86_64 1.0-4 29.49 461.55 491.04 OK
r-patched-solaris-x86 1.0-4 629.40 NOTE
r-release-linux-x86_64 1.0-4 27.84 457.00 484.84 OK
r-release-windows-ix86+x86_64 1.0-4 100.00 619.00 719.00 NOTE
r-release-osx-x86_64 1.0-4 NOTE
r-oldrel-windows-ix86+x86_64 1.0-3 76.00 510.00 586.00 NOTE
r-oldrel-osx-x86_64 1.0-4 ERROR

Check Details

Version: 1.0-4
Check: installed package size
Result: NOTE
     installed size is 5.5Mb
     sub-directories of 1Mb or more:
     R 1.5Mb
     help 2.6Mb
Flavors: r-devel-linux-x86_64-fedora-clang, r-devel-linux-x86_64-fedora-gcc, r-devel-windows-ix86+x86_64, r-patched-solaris-x86, r-release-windows-ix86+x86_64, r-release-osx-x86_64

Version: 1.0-3
Check: installed package size
Result: NOTE
     installed size is 6.3Mb
     sub-directories of 1Mb or more:
     R 1.5Mb
     doc 1.2Mb
     help 2.6Mb
Flavor: r-oldrel-windows-ix86+x86_64

Version: 1.0-4
Check: whether package can be installed
Result: ERROR
    Installation failed.
Flavor: r-oldrel-osx-x86_64