CRAN Package Check Results for Package VGAM

Last updated on 2018-10-16 22:56:58 CEST.

Flavor Version Tinstall Tcheck Ttotal Status Flags
r-devel-linux-x86_64-debian-clang 1.0-6 79.79 478.89 558.68 OK
r-devel-linux-x86_64-debian-gcc 1.0-6 58.59 362.94 421.53 OK
r-devel-linux-x86_64-fedora-clang 1.0-6 659.61 NOTE
r-devel-linux-x86_64-fedora-gcc 1.0-6 654.58 OK
r-devel-windows-ix86+x86_64 1.0-6 199.00 752.00 951.00 NOTE
r-patched-linux-x86_64 1.0-6 77.00 467.59 544.59 OK
r-patched-solaris-x86 1.0-6 801.80 NOTE
r-release-linux-x86_64 1.0-6 76.34 468.99 545.33 OK
r-release-windows-ix86+x86_64 1.0-6 157.00 719.00 876.00 NOTE
r-release-osx-x86_64 1.0-6 NOTE
r-oldrel-windows-ix86+x86_64 1.0-6 110.00 670.00 780.00 NOTE
r-oldrel-osx-x86_64 1.0-6 NOTE

Check Details

Version: 1.0-6
Check: installed package size
Result: NOTE
     installed size is 8.8Mb
     sub-directories of 1Mb or more:
     R 3.5Mb
     doc 1.2Mb
     help 2.7Mb
Flavors: r-devel-linux-x86_64-fedora-clang, r-devel-windows-ix86+x86_64, r-patched-solaris-x86, r-release-windows-ix86+x86_64, r-release-osx-x86_64, r-oldrel-windows-ix86+x86_64, r-oldrel-osx-x86_64