CRAN Package Check Results for Package VGAM

Last updated on 2018-07-17 22:51:03 CEST.

Flavor Version Tinstall Tcheck Ttotal Status Flags
r-devel-linux-x86_64-debian-clang 1.0-5 74.88 475.71 550.59 OK
r-devel-linux-x86_64-debian-gcc 1.0-5 51.89 360.28 412.17 OK
r-devel-linux-x86_64-fedora-clang 1.0-5 678.12 NOTE
r-devel-linux-x86_64-fedora-gcc 1.0-5 624.03 OK
r-devel-windows-ix86+x86_64 1.0-5 185.00 729.00 914.00 NOTE
r-patched-linux-x86_64 1.0-5 79.80 477.26 557.06 OK
r-patched-solaris-x86 1.0-5 791.20 NOTE
r-release-linux-x86_64 1.0-5 79.90 478.32 558.22 OK
r-release-windows-ix86+x86_64 1.0-5 172.00 715.00 887.00 NOTE
r-release-osx-x86_64 1.0-5 NOTE
r-oldrel-windows-ix86+x86_64 1.0-5 80.00 579.00 659.00 NOTE
r-oldrel-osx-x86_64 1.0-5 NOTE

Check Details

Version: 1.0-5
Check: installed package size
Result: NOTE
     installed size is 8.7Mb
     sub-directories of 1Mb or more:
     R 3.4Mb
     doc 1.2Mb
     help 2.7Mb
Flavors: r-devel-linux-x86_64-fedora-clang, r-devel-windows-ix86+x86_64, r-patched-solaris-x86, r-release-windows-ix86+x86_64, r-release-osx-x86_64, r-oldrel-windows-ix86+x86_64, r-oldrel-osx-x86_64